{"id":5437,"date":"2019-09-17T14:41:16","date_gmt":"2019-09-17T20:41:16","guid":{"rendered":"https:\/\/apoderma.com\/inicio\/?post_type=product&#038;p=5437"},"modified":"2025-04-12T17:13:36","modified_gmt":"2025-04-12T23:13:36","slug":"c-vit-contorno-de-ojos-15-ml","status":"publish","type":"product","link":"https:\/\/apoderma.com\/inicio\/producto\/c-vit-contorno-de-ojos-15-ml\/","title":{"rendered":"C Vit Contorno de ojos 15 mL"},"content":{"rendered":"<h3>Especificaciones:<\/h3>\n<ul>\n<li><a href=\"https:\/\/www.sesderma.com\/eu_es\/c-vit-contorno-de-ojos-40002446.html\">C Vit contorno de ojos de Sesderma<\/a> contiene Vitamina C de \u00faltima generaci\u00f3n encapsulada en liposomas de alta penetraci\u00f3n en la piel. Intensa acci\u00f3n antioxidante (captaci\u00f3n de radicales libres), blanqueante y antienvejecimiento (incremento de la s\u00edntesis de col\u00e1geno).<\/li>\n<li>Adem\u00e1s incorpora un equipo de antioxidantes (extracto de ginkgo biloba, quercetina y pterostilbeno) para neutralizar todos los da\u00f1os celulares producidos por los radicales libres. Cada uno de ellos act\u00faa en un lugar espec\u00edfico de las c\u00e9lulas para garantizar una protecci\u00f3n integral. La encapsulaci\u00f3n en burbujas lip\u00eddicas de todos sus activos garantiza una mejor penetraci\u00f3n, rapidez y eficacia de la f\u00f3rmula ya que permite que estos alcancen su lugar de acci\u00f3n.<\/li>\n<li>Contiene: Vitamina C estabilizada (3-O-Ethyl ascorbic acid), Antiox booster system (ginkgo biloba, Pterostilbeno, Quercetina), Extracto de naranja dulce, Complejo reductor de bolsas y ojeras.<\/li>\n<\/ul>\n<h3><strong>Modo de uso:<\/strong><\/h3>\n<ol>\n<li>Tras extraer una peque\u00f1a cantidad de producto, apl\u00edquelo con la yema de los dedos en el contorno de los ojos (desde el interior hacia el exterior) mediante unos suaves toquecitos.<\/li>\n<li>Puede aplicarlo por la ma\u00f1ana y\/o por la noche.<\/li>\n<li>Puedes complementar tu rutina con otros <a href=\"https:\/\/apoderma.com\/inicio\/categoria-producto\/rostro\/antiedad\/\">productos de esta misma l\u00ednea C Vit.<\/a><\/li>\n<\/ol>\n","protected":false},"excerpt":{"rendered":"<p>Crema para la hidrataci\u00f3n y protecci\u00f3n del contorno de ojo Disponible compra por pedido mediante&hellip;<\/p>\n","protected":false},"featured_media":39266,"template":"","meta":{"_glsr_average":0,"_glsr_ranking":0,"_glsr_reviews":0},"product_cat":[89,92],"product_tag":[239,118,115],"class_list":{"0":"post-5437","1":"product","2":"type-product","3":"status-publish","4":"has-post-thumbnail","6":"product_brand-sesderma","7":"product_cat-rostro","8":"product_cat-signos-de-la-edad","9":"product_tag-contorno-de-ojos","10":"product_tag-hidratacion","11":"product_tag-rostro","13":"first","14":"instock","15":"taxable","16":"shipping-taxable","17":"purchasable","18":"product-type-simple","19":"thumb-no-effect","20":"prod-rating-on"},"yoast_head":"<!-- This site is optimized with the Yoast SEO plugin v25.3.1 - https:\/\/yoast.com\/wordpress\/plugins\/seo\/ -->\n<title>C Vit Contorno de ojos 15 mL - Apo Derma Store<\/title>\n<meta name=\"description\" content=\"C Vit contorno de ojos de Sesderma es una crema para la hidrataci\u00f3n y protecci\u00f3n del contorno del ojo. Disponible en ApoDerma Store.\" \/>\n<meta name=\"robots\" content=\"index, follow, max-snippet:-1, max-image-preview:large, max-video-preview:-1\" \/>\n<link rel=\"canonical\" href=\"https:\/\/apoderma.com\/inicio\/producto\/c-vit-contorno-de-ojos-15-ml\/\" \/>\n<meta property=\"og:locale\" content=\"es_ES\" \/>\n<meta property=\"og:type\" content=\"article\" \/>\n<meta property=\"og:title\" content=\"C Vit Contorno de ojos 15 mL - Apo Derma Store\" \/>\n<meta property=\"og:description\" content=\"C Vit contorno de ojos de Sesderma es una crema para la hidrataci\u00f3n y protecci\u00f3n del contorno del ojo. Disponible en ApoDerma Store.\" \/>\n<meta property=\"og:url\" content=\"https:\/\/apoderma.com\/inicio\/producto\/c-vit-contorno-de-ojos-15-ml\/\" \/>\n<meta property=\"og:site_name\" content=\"Apo Derma Store\" \/>\n<meta property=\"article:modified_time\" content=\"2025-04-12T23:13:36+00:00\" \/>\n<meta property=\"og:image\" content=\"https:\/\/apoderma.com\/inicio\/wp-content\/uploads\/2019\/09\/C-Vit-contorno-de-ojos-1-1.png\" \/>\n\t<meta property=\"og:image:width\" content=\"800\" \/>\n\t<meta property=\"og:image:height\" content=\"800\" \/>\n\t<meta property=\"og:image:type\" content=\"image\/png\" \/>\n<meta name=\"twitter:card\" content=\"summary_large_image\" \/>\n<meta name=\"twitter:label1\" content=\"Tiempo de lectura\" \/>\n\t<meta name=\"twitter:data1\" content=\"1 minuto\" \/>\n<script type=\"application\/ld+json\" class=\"yoast-schema-graph\">{\"@context\":\"https:\/\/schema.org\",\"@graph\":[{\"@type\":\"WebPage\",\"@id\":\"https:\/\/apoderma.com\/inicio\/producto\/c-vit-contorno-de-ojos-15-ml\/\",\"url\":\"https:\/\/apoderma.com\/inicio\/producto\/c-vit-contorno-de-ojos-15-ml\/\",\"name\":\"C Vit Contorno de ojos 15 mL - Apo Derma Store\",\"isPartOf\":{\"@id\":\"https:\/\/apoderma.com\/inicio\/#website\"},\"primaryImageOfPage\":{\"@id\":\"https:\/\/apoderma.com\/inicio\/producto\/c-vit-contorno-de-ojos-15-ml\/#primaryimage\"},\"image\":{\"@id\":\"https:\/\/apoderma.com\/inicio\/producto\/c-vit-contorno-de-ojos-15-ml\/#primaryimage\"},\"thumbnailUrl\":\"https:\/\/apoderma.com\/inicio\/wp-content\/uploads\/2019\/09\/C-Vit-contorno-de-ojos-1-1.png\",\"datePublished\":\"2019-09-17T20:41:16+00:00\",\"dateModified\":\"2025-04-12T23:13:36+00:00\",\"description\":\"C Vit contorno de ojos de Sesderma es una crema para la hidrataci\u00f3n y protecci\u00f3n del contorno del ojo. Disponible en ApoDerma Store.\",\"breadcrumb\":{\"@id\":\"https:\/\/apoderma.com\/inicio\/producto\/c-vit-contorno-de-ojos-15-ml\/#breadcrumb\"},\"inLanguage\":\"es\",\"potentialAction\":[{\"@type\":\"ReadAction\",\"target\":[\"https:\/\/apoderma.com\/inicio\/producto\/c-vit-contorno-de-ojos-15-ml\/\"]}]},{\"@type\":\"ImageObject\",\"inLanguage\":\"es\",\"@id\":\"https:\/\/apoderma.com\/inicio\/producto\/c-vit-contorno-de-ojos-15-ml\/#primaryimage\",\"url\":\"https:\/\/apoderma.com\/inicio\/wp-content\/uploads\/2019\/09\/C-Vit-contorno-de-ojos-1-1.png\",\"contentUrl\":\"https:\/\/apoderma.com\/inicio\/wp-content\/uploads\/2019\/09\/C-Vit-contorno-de-ojos-1-1.png\",\"width\":800,\"height\":800,\"caption\":\"C Vit contorno de ojos\"},{\"@type\":\"BreadcrumbList\",\"@id\":\"https:\/\/apoderma.com\/inicio\/producto\/c-vit-contorno-de-ojos-15-ml\/#breadcrumb\",\"itemListElement\":[{\"@type\":\"ListItem\",\"position\":1,\"name\":\"Portada\",\"item\":\"https:\/\/apoderma.com\/inicio\/\"},{\"@type\":\"ListItem\",\"position\":2,\"name\":\"Tienda Dermocosm\u00e9tica\",\"item\":\"https:\/\/apoderma.com\/inicio\/tienda-dermocosmetica\/\"},{\"@type\":\"ListItem\",\"position\":3,\"name\":\"C Vit Contorno de ojos 15 mL\"}]},{\"@type\":\"WebSite\",\"@id\":\"https:\/\/apoderma.com\/inicio\/#website\",\"url\":\"https:\/\/apoderma.com\/inicio\/\",\"name\":\"Apo Derma Store\",\"description\":\"Venta de productos cosm\u00e9ticos\",\"potentialAction\":[{\"@type\":\"SearchAction\",\"target\":{\"@type\":\"EntryPoint\",\"urlTemplate\":\"https:\/\/apoderma.com\/inicio\/?s={search_term_string}\"},\"query-input\":{\"@type\":\"PropertyValueSpecification\",\"valueRequired\":true,\"valueName\":\"search_term_string\"}}],\"inLanguage\":\"es\"}]}<\/script>\n<!-- \/ Yoast SEO plugin. -->","yoast_head_json":{"title":"C Vit Contorno de ojos 15 mL - Apo Derma Store","description":"C Vit contorno de ojos de Sesderma es una crema para la hidrataci\u00f3n y protecci\u00f3n del contorno del ojo. Disponible en ApoDerma Store.","robots":{"index":"index","follow":"follow","max-snippet":"max-snippet:-1","max-image-preview":"max-image-preview:large","max-video-preview":"max-video-preview:-1"},"canonical":"https:\/\/apoderma.com\/inicio\/producto\/c-vit-contorno-de-ojos-15-ml\/","og_locale":"es_ES","og_type":"article","og_title":"C Vit Contorno de ojos 15 mL - Apo Derma Store","og_description":"C Vit contorno de ojos de Sesderma es una crema para la hidrataci\u00f3n y protecci\u00f3n del contorno del ojo. Disponible en ApoDerma Store.","og_url":"https:\/\/apoderma.com\/inicio\/producto\/c-vit-contorno-de-ojos-15-ml\/","og_site_name":"Apo Derma Store","article_modified_time":"2025-04-12T23:13:36+00:00","og_image":[{"width":800,"height":800,"url":"https:\/\/apoderma.com\/inicio\/wp-content\/uploads\/2019\/09\/C-Vit-contorno-de-ojos-1-1.png","type":"image\/png"}],"twitter_card":"summary_large_image","twitter_misc":{"Tiempo de lectura":"1 minuto"},"schema":{"@context":"https:\/\/schema.org","@graph":[{"@type":"WebPage","@id":"https:\/\/apoderma.com\/inicio\/producto\/c-vit-contorno-de-ojos-15-ml\/","url":"https:\/\/apoderma.com\/inicio\/producto\/c-vit-contorno-de-ojos-15-ml\/","name":"C Vit Contorno de ojos 15 mL - Apo Derma Store","isPartOf":{"@id":"https:\/\/apoderma.com\/inicio\/#website"},"primaryImageOfPage":{"@id":"https:\/\/apoderma.com\/inicio\/producto\/c-vit-contorno-de-ojos-15-ml\/#primaryimage"},"image":{"@id":"https:\/\/apoderma.com\/inicio\/producto\/c-vit-contorno-de-ojos-15-ml\/#primaryimage"},"thumbnailUrl":"https:\/\/apoderma.com\/inicio\/wp-content\/uploads\/2019\/09\/C-Vit-contorno-de-ojos-1-1.png","datePublished":"2019-09-17T20:41:16+00:00","dateModified":"2025-04-12T23:13:36+00:00","description":"C Vit contorno de ojos de Sesderma es una crema para la hidrataci\u00f3n y protecci\u00f3n del contorno del ojo. Disponible en ApoDerma Store.","breadcrumb":{"@id":"https:\/\/apoderma.com\/inicio\/producto\/c-vit-contorno-de-ojos-15-ml\/#breadcrumb"},"inLanguage":"es","potentialAction":[{"@type":"ReadAction","target":["https:\/\/apoderma.com\/inicio\/producto\/c-vit-contorno-de-ojos-15-ml\/"]}]},{"@type":"ImageObject","inLanguage":"es","@id":"https:\/\/apoderma.com\/inicio\/producto\/c-vit-contorno-de-ojos-15-ml\/#primaryimage","url":"https:\/\/apoderma.com\/inicio\/wp-content\/uploads\/2019\/09\/C-Vit-contorno-de-ojos-1-1.png","contentUrl":"https:\/\/apoderma.com\/inicio\/wp-content\/uploads\/2019\/09\/C-Vit-contorno-de-ojos-1-1.png","width":800,"height":800,"caption":"C Vit contorno de ojos"},{"@type":"BreadcrumbList","@id":"https:\/\/apoderma.com\/inicio\/producto\/c-vit-contorno-de-ojos-15-ml\/#breadcrumb","itemListElement":[{"@type":"ListItem","position":1,"name":"Portada","item":"https:\/\/apoderma.com\/inicio\/"},{"@type":"ListItem","position":2,"name":"Tienda Dermocosm\u00e9tica","item":"https:\/\/apoderma.com\/inicio\/tienda-dermocosmetica\/"},{"@type":"ListItem","position":3,"name":"C Vit Contorno de ojos 15 mL"}]},{"@type":"WebSite","@id":"https:\/\/apoderma.com\/inicio\/#website","url":"https:\/\/apoderma.com\/inicio\/","name":"Apo Derma Store","description":"Venta de productos cosm\u00e9ticos","potentialAction":[{"@type":"SearchAction","target":{"@type":"EntryPoint","urlTemplate":"https:\/\/apoderma.com\/inicio\/?s={search_term_string}"},"query-input":{"@type":"PropertyValueSpecification","valueRequired":true,"valueName":"search_term_string"}}],"inLanguage":"es"}]}},"_links":{"self":[{"href":"https:\/\/apoderma.com\/inicio\/wp-json\/wp\/v2\/product\/5437","targetHints":{"allow":["GET"]}}],"collection":[{"href":"https:\/\/apoderma.com\/inicio\/wp-json\/wp\/v2\/product"}],"about":[{"href":"https:\/\/apoderma.com\/inicio\/wp-json\/wp\/v2\/types\/product"}],"wp:featuredmedia":[{"embeddable":true,"href":"https:\/\/apoderma.com\/inicio\/wp-json\/wp\/v2\/media\/39266"}],"wp:attachment":[{"href":"https:\/\/apoderma.com\/inicio\/wp-json\/wp\/v2\/media?parent=5437"}],"wp:term":[{"taxonomy":"product_cat","embeddable":true,"href":"https:\/\/apoderma.com\/inicio\/wp-json\/wp\/v2\/product_cat?post=5437"},{"taxonomy":"product_tag","embeddable":true,"href":"https:\/\/apoderma.com\/inicio\/wp-json\/wp\/v2\/product_tag?post=5437"}],"curies":[{"name":"wp","href":"https:\/\/api.w.org\/{rel}","templated":true}]}}