{"id":39082,"date":"2022-09-06T18:02:55","date_gmt":"2022-09-07T00:02:55","guid":{"rendered":"https:\/\/apoderma.com\/inicio\/?post_type=product&#038;p=39082"},"modified":"2025-11-18T16:22:19","modified_gmt":"2025-11-18T22:22:19","slug":"neotone-gel-150-ml","status":"publish","type":"product","link":"https:\/\/apoderma.com\/inicio\/producto\/neotone-gel-150-ml\/","title":{"rendered":"Neotone Gel 150 mL"},"content":{"rendered":"<h3>Especificaciones<\/h3>\n<ul>\n<li><a href=\"https:\/\/www.isispharma.com\/es\/producto\/neotone-gel\/\">Neotone Gel de Isispharma<\/a> limpia y exfolia profundamente tu piel para reducir visiblemente las manchas oscuras y as\u00ed darle un efecto refrescante a tu piel.<\/li>\n<\/ul>\n<h3>Composici\u00f3n<\/h3>\n<div class=\"sp_assets--asset\">\n<div class=\"sp_assets--asset-title-wrapper\">\n<div class=\"sp_assets--asset\">\n<div class=\"sp_assets--asset-title-wrapper\">\n<div class=\"sp_assets--asset\">\n<div class=\"sp_assets--asset-title-wrapper\">\n<ol>\n<li class=\"sp_assets--asset-title\">Perlas exfoliantes naturales: Limpian y exfolian suavemente la piel.<\/li>\n<li>\u00c1cido asc\u00f3rbico + extracto de regaliz: unifican e iluminan la tez de la piel.<\/li>\n<li>\u00c1cido glic\u00f3lico + \u00e1cido salic\u00edlico: estimulan la renovaci\u00f3n celular.<\/li>\n<\/ol>\n<\/div>\n<\/div>\n<\/div>\n<\/div>\n<div class=\"sp_assets--asset\">\n<h3 class=\"sp_assets--asset-title-wrapper\">Modo de uso:<\/h3>\n<\/div>\n<\/div>\n<\/div>\n<ol>\n<li>Sobre la piel h\u00fameda del rostro y cuello en la ma\u00f1ana y en la noche.<\/li>\n<li>Aplica Neoton Gel para reducir visiblemente las manchas provocadas por la pigmentaci\u00f3n.<\/li>\n<li>Masajea el producto sobre tu piel realizando movimientos circulares y enjuaga con abundante.<\/li>\n<\/ol>\n","protected":false},"excerpt":{"rendered":"<p>Gel Limpiador Exfoliante Manchas pigmentarias.<\/p>\n","protected":false},"featured_media":39083,"template":"","meta":{"_glsr_average":0,"_glsr_ranking":0,"_glsr_reviews":0},"product_cat":[97,90,93,316,89],"product_tag":[318,317],"class_list":{"0":"post-39082","1":"product","2":"type-product","3":"status-publish","4":"has-post-thumbnail","6":"product_brand-isispharma","7":"product_cat-cuerpo","8":"product_cat-limpieza","9":"product_cat-manchas","10":"product_cat-problemas-de-depigmentacion-y-acne","11":"product_cat-rostro","12":"product_tag-manchas-pigmentarias","13":"product_tag-pigmentacion-corporal","15":"first","16":"instock","17":"taxable","18":"shipping-taxable","19":"purchasable","20":"product-type-simple","21":"thumb-no-effect","22":"prod-rating-on"},"yoast_head":"<!-- This site is optimized with the Yoast SEO plugin v25.3.1 - https:\/\/yoast.com\/wordpress\/plugins\/seo\/ -->\n<title>Neotone Gel 150 mL - Apo Derma Store<\/title>\n<meta name=\"description\" content=\"Neotone Gel de Isispharma es un limpiador y exfoliante facial suave, especial para piel con manchas. Disponible en ApoDerma Store\" \/>\n<meta name=\"robots\" content=\"index, follow, max-snippet:-1, max-image-preview:large, max-video-preview:-1\" \/>\n<link rel=\"canonical\" href=\"https:\/\/apoderma.com\/inicio\/producto\/neotone-gel-150-ml\/\" \/>\n<meta property=\"og:locale\" content=\"es_ES\" \/>\n<meta property=\"og:type\" content=\"article\" \/>\n<meta property=\"og:title\" content=\"Neotone Gel 150 mL - Apo Derma Store\" \/>\n<meta property=\"og:description\" content=\"Neotone Gel de Isispharma es un limpiador y exfoliante facial suave, especial para piel con manchas. Disponible en ApoDerma Store\" \/>\n<meta property=\"og:url\" content=\"https:\/\/apoderma.com\/inicio\/producto\/neotone-gel-150-ml\/\" \/>\n<meta property=\"og:site_name\" content=\"Apo Derma Store\" \/>\n<meta property=\"article:modified_time\" content=\"2025-11-18T22:22:19+00:00\" \/>\n<meta property=\"og:image\" content=\"https:\/\/apoderma.com\/inicio\/wp-content\/uploads\/2022\/09\/60007-1.png\" \/>\n\t<meta property=\"og:image:width\" content=\"800\" \/>\n\t<meta property=\"og:image:height\" content=\"800\" \/>\n\t<meta property=\"og:image:type\" content=\"image\/png\" \/>\n<meta name=\"twitter:card\" content=\"summary_large_image\" \/>\n<meta name=\"twitter:label1\" content=\"Tiempo de lectura\" \/>\n\t<meta name=\"twitter:data1\" content=\"1 minuto\" \/>\n<script type=\"application\/ld+json\" class=\"yoast-schema-graph\">{\"@context\":\"https:\/\/schema.org\",\"@graph\":[{\"@type\":\"WebPage\",\"@id\":\"https:\/\/apoderma.com\/inicio\/producto\/neotone-gel-150-ml\/\",\"url\":\"https:\/\/apoderma.com\/inicio\/producto\/neotone-gel-150-ml\/\",\"name\":\"Neotone Gel 150 mL - Apo Derma Store\",\"isPartOf\":{\"@id\":\"https:\/\/apoderma.com\/inicio\/#website\"},\"primaryImageOfPage\":{\"@id\":\"https:\/\/apoderma.com\/inicio\/producto\/neotone-gel-150-ml\/#primaryimage\"},\"image\":{\"@id\":\"https:\/\/apoderma.com\/inicio\/producto\/neotone-gel-150-ml\/#primaryimage\"},\"thumbnailUrl\":\"https:\/\/apoderma.com\/inicio\/wp-content\/uploads\/2022\/09\/60007-1.png\",\"datePublished\":\"2022-09-07T00:02:55+00:00\",\"dateModified\":\"2025-11-18T22:22:19+00:00\",\"description\":\"Neotone Gel de Isispharma es un limpiador y exfoliante facial suave, especial para piel con manchas. Disponible en ApoDerma Store\",\"breadcrumb\":{\"@id\":\"https:\/\/apoderma.com\/inicio\/producto\/neotone-gel-150-ml\/#breadcrumb\"},\"inLanguage\":\"es\",\"potentialAction\":[{\"@type\":\"ReadAction\",\"target\":[\"https:\/\/apoderma.com\/inicio\/producto\/neotone-gel-150-ml\/\"]}]},{\"@type\":\"ImageObject\",\"inLanguage\":\"es\",\"@id\":\"https:\/\/apoderma.com\/inicio\/producto\/neotone-gel-150-ml\/#primaryimage\",\"url\":\"https:\/\/apoderma.com\/inicio\/wp-content\/uploads\/2022\/09\/60007-1.png\",\"contentUrl\":\"https:\/\/apoderma.com\/inicio\/wp-content\/uploads\/2022\/09\/60007-1.png\",\"width\":800,\"height\":800,\"caption\":\"Neotone gel liador exfoliante\"},{\"@type\":\"BreadcrumbList\",\"@id\":\"https:\/\/apoderma.com\/inicio\/producto\/neotone-gel-150-ml\/#breadcrumb\",\"itemListElement\":[{\"@type\":\"ListItem\",\"position\":1,\"name\":\"Portada\",\"item\":\"https:\/\/apoderma.com\/inicio\/\"},{\"@type\":\"ListItem\",\"position\":2,\"name\":\"Tienda Dermocosm\u00e9tica\",\"item\":\"https:\/\/apoderma.com\/inicio\/tienda-dermocosmetica\/\"},{\"@type\":\"ListItem\",\"position\":3,\"name\":\"Neotone Gel 150 mL\"}]},{\"@type\":\"WebSite\",\"@id\":\"https:\/\/apoderma.com\/inicio\/#website\",\"url\":\"https:\/\/apoderma.com\/inicio\/\",\"name\":\"Apo Derma Store\",\"description\":\"Venta de productos cosm\u00e9ticos\",\"potentialAction\":[{\"@type\":\"SearchAction\",\"target\":{\"@type\":\"EntryPoint\",\"urlTemplate\":\"https:\/\/apoderma.com\/inicio\/?s={search_term_string}\"},\"query-input\":{\"@type\":\"PropertyValueSpecification\",\"valueRequired\":true,\"valueName\":\"search_term_string\"}}],\"inLanguage\":\"es\"}]}<\/script>\n<!-- \/ Yoast SEO plugin. -->","yoast_head_json":{"title":"Neotone Gel 150 mL - Apo Derma Store","description":"Neotone Gel de Isispharma es un limpiador y exfoliante facial suave, especial para piel con manchas. Disponible en ApoDerma Store","robots":{"index":"index","follow":"follow","max-snippet":"max-snippet:-1","max-image-preview":"max-image-preview:large","max-video-preview":"max-video-preview:-1"},"canonical":"https:\/\/apoderma.com\/inicio\/producto\/neotone-gel-150-ml\/","og_locale":"es_ES","og_type":"article","og_title":"Neotone Gel 150 mL - Apo Derma Store","og_description":"Neotone Gel de Isispharma es un limpiador y exfoliante facial suave, especial para piel con manchas. Disponible en ApoDerma Store","og_url":"https:\/\/apoderma.com\/inicio\/producto\/neotone-gel-150-ml\/","og_site_name":"Apo Derma Store","article_modified_time":"2025-11-18T22:22:19+00:00","og_image":[{"width":800,"height":800,"url":"https:\/\/apoderma.com\/inicio\/wp-content\/uploads\/2022\/09\/60007-1.png","type":"image\/png"}],"twitter_card":"summary_large_image","twitter_misc":{"Tiempo de lectura":"1 minuto"},"schema":{"@context":"https:\/\/schema.org","@graph":[{"@type":"WebPage","@id":"https:\/\/apoderma.com\/inicio\/producto\/neotone-gel-150-ml\/","url":"https:\/\/apoderma.com\/inicio\/producto\/neotone-gel-150-ml\/","name":"Neotone Gel 150 mL - Apo Derma Store","isPartOf":{"@id":"https:\/\/apoderma.com\/inicio\/#website"},"primaryImageOfPage":{"@id":"https:\/\/apoderma.com\/inicio\/producto\/neotone-gel-150-ml\/#primaryimage"},"image":{"@id":"https:\/\/apoderma.com\/inicio\/producto\/neotone-gel-150-ml\/#primaryimage"},"thumbnailUrl":"https:\/\/apoderma.com\/inicio\/wp-content\/uploads\/2022\/09\/60007-1.png","datePublished":"2022-09-07T00:02:55+00:00","dateModified":"2025-11-18T22:22:19+00:00","description":"Neotone Gel de Isispharma es un limpiador y exfoliante facial suave, especial para piel con manchas. Disponible en ApoDerma Store","breadcrumb":{"@id":"https:\/\/apoderma.com\/inicio\/producto\/neotone-gel-150-ml\/#breadcrumb"},"inLanguage":"es","potentialAction":[{"@type":"ReadAction","target":["https:\/\/apoderma.com\/inicio\/producto\/neotone-gel-150-ml\/"]}]},{"@type":"ImageObject","inLanguage":"es","@id":"https:\/\/apoderma.com\/inicio\/producto\/neotone-gel-150-ml\/#primaryimage","url":"https:\/\/apoderma.com\/inicio\/wp-content\/uploads\/2022\/09\/60007-1.png","contentUrl":"https:\/\/apoderma.com\/inicio\/wp-content\/uploads\/2022\/09\/60007-1.png","width":800,"height":800,"caption":"Neotone gel liador exfoliante"},{"@type":"BreadcrumbList","@id":"https:\/\/apoderma.com\/inicio\/producto\/neotone-gel-150-ml\/#breadcrumb","itemListElement":[{"@type":"ListItem","position":1,"name":"Portada","item":"https:\/\/apoderma.com\/inicio\/"},{"@type":"ListItem","position":2,"name":"Tienda Dermocosm\u00e9tica","item":"https:\/\/apoderma.com\/inicio\/tienda-dermocosmetica\/"},{"@type":"ListItem","position":3,"name":"Neotone Gel 150 mL"}]},{"@type":"WebSite","@id":"https:\/\/apoderma.com\/inicio\/#website","url":"https:\/\/apoderma.com\/inicio\/","name":"Apo Derma Store","description":"Venta de productos cosm\u00e9ticos","potentialAction":[{"@type":"SearchAction","target":{"@type":"EntryPoint","urlTemplate":"https:\/\/apoderma.com\/inicio\/?s={search_term_string}"},"query-input":{"@type":"PropertyValueSpecification","valueRequired":true,"valueName":"search_term_string"}}],"inLanguage":"es"}]}},"_links":{"self":[{"href":"https:\/\/apoderma.com\/inicio\/wp-json\/wp\/v2\/product\/39082","targetHints":{"allow":["GET"]}}],"collection":[{"href":"https:\/\/apoderma.com\/inicio\/wp-json\/wp\/v2\/product"}],"about":[{"href":"https:\/\/apoderma.com\/inicio\/wp-json\/wp\/v2\/types\/product"}],"wp:featuredmedia":[{"embeddable":true,"href":"https:\/\/apoderma.com\/inicio\/wp-json\/wp\/v2\/media\/39083"}],"wp:attachment":[{"href":"https:\/\/apoderma.com\/inicio\/wp-json\/wp\/v2\/media?parent=39082"}],"wp:term":[{"taxonomy":"product_cat","embeddable":true,"href":"https:\/\/apoderma.com\/inicio\/wp-json\/wp\/v2\/product_cat?post=39082"},{"taxonomy":"product_tag","embeddable":true,"href":"https:\/\/apoderma.com\/inicio\/wp-json\/wp\/v2\/product_tag?post=39082"}],"curies":[{"name":"wp","href":"https:\/\/api.w.org\/{rel}","templated":true}]}}