{"id":38785,"date":"2022-04-04T17:55:23","date_gmt":"2022-04-04T23:55:23","guid":{"rendered":"https:\/\/apoderma.com\/inicio\/?post_type=product&#038;p=38785"},"modified":"2026-02-07T14:54:38","modified_gmt":"2026-02-07T20:54:38","slug":"secalia-balm-200-ml","status":"publish","type":"product","link":"https:\/\/apoderma.com\/inicio\/producto\/secalia-balm-200-ml\/","title":{"rendered":"Secalia Balm 200 mL"},"content":{"rendered":"<h3>Especificaciones<\/h3>\n<ul>\n<li><a href=\"https:\/\/www.isispharma.com\/es\/producto\/secalia-balm\/\"><strong>Secalia Balm<\/strong><\/a>\u00a0nutre de manera prolongada la piel seca con tendencia at\u00f3pica gracias a sus activos relipidizantes para volver a obtener una piel suave e hidratada.<\/li>\n<li>Resultados de estudios cl\u00ednicos:\n<ul>\n<li>Una piel m\u00e1s agradable en el 95 % de los casos*<\/li>\n<li>Un + 85%** de hidrataci\u00f3n despu\u00e9s de 2 horas.<\/li>\n<li>Un +57 %** de hidrataci\u00f3n despu\u00e9s de 8 horas.\n<div class=\"annotation\">\n<p>* Prueba de uso realizada a 20 voluntarios aplicando el producto dos veces al d\u00eda durante 28 d\u00edas.<br \/>\n**Medida del efecto hidratante efectuada con el Corneometro\u00ae CM 825.<\/p>\n<\/div>\n<\/li>\n<\/ul>\n<\/li>\n<li>Presenta una tolerancia \u00f3ptima gracias a su f\u00f3rmula sin aroma dise\u00f1ada para minimizar los riesgos a una posible reacci\u00f3n.<\/li>\n<li>Se adapta a todas las edades, desde beb\u00e9s hasta adultos mayores.<\/li>\n<li>Puede ser usado tanto en el rostro como en el cuerpo.<\/li>\n<li>Evitar contacto con los ojos,<\/li>\n<li>Dermatol\u00f3gicamente testeado.<\/li>\n<\/ul>\n<h3>Composici\u00f3n<\/h3>\n<div class=\"sp_assets--asset\">\n<div class=\"sp_assets--asset-title-wrapper\">\n<ol>\n<li>Alanto\u00edna + Bisabolol: brindan alivio a las molestias de la piel seca.<\/li>\n<li>Glicerina de origen vegetal: acci\u00f3n hidratante<\/li>\n<li>Aceite de Inca inchi y mateca de karit\u00e9: acci\u00f3n reparadora de la barrera cut\u00e1nea.<\/li>\n<\/ol>\n<\/div>\n<\/div>\n<div class=\"l-grid__item u-1\/1@large u-1\/2@medium\">\n<h3 class=\"c-content theme-royal\">Modo de uso:<\/h3>\n<\/div>\n<ol>\n<li>Aplica Secalia Balm 1 a 2 veces al d\u00eda en las zonas afectadas.<\/li>\n<li>Realiza movimientos circulares al aplicarlo hasta que el producto sea absorbido en su totalidad.<\/li>\n<li>Puede ser usada de d\u00eda o de noche<\/li>\n<li>Puede complementar el cuidado de su piel con <a href=\"https:\/\/apoderma.com\/inicio\/categoria-producto\/cuerpo\/ducha-y-bano\/\">productos de limpieza especiales para piel seca.<\/a><\/li>\n<\/ol>\n","protected":false},"excerpt":{"rendered":"<p>B\u00e1lsamo relipidizante Para pieles secas o con tendencia at\u00f3pica. Disponible compra por WhasApp y pago&hellip;<\/p>\n","protected":false},"featured_media":38786,"template":"","meta":{"_glsr_average":0,"_glsr_ranking":0,"_glsr_reviews":0},"product_cat":[161,97,98],"product_tag":[295,267,148],"class_list":{"0":"post-38785","1":"product","2":"type-product","3":"status-publish","4":"has-post-thumbnail","6":"product_brand-isispharma","7":"product_cat-bebe-y-mama","8":"product_cat-cuerpo","9":"product_cat-piel-seca-o-con-tendencia-atopica","10":"product_tag-correccion","11":"product_tag-piel-atopica","12":"product_tag-piel-seca","14":"first","15":"instock","16":"taxable","17":"shipping-taxable","18":"purchasable","19":"product-type-simple","20":"thumb-no-effect","21":"prod-rating-on"},"yoast_head":"<!-- This site is optimized with the Yoast SEO plugin v25.3.1 - https:\/\/yoast.com\/wordpress\/plugins\/seo\/ -->\n<title>Secalia Balm 200 mL - Apo Derma Store<\/title>\n<meta name=\"description\" content=\"Secalia Balm es un b\u00e1lsamo relipidizante para devolver la suavidad a la piel seca o con tendecia at\u00f3pica. Disponible en ApoDerma Store\" \/>\n<meta name=\"robots\" content=\"index, follow, max-snippet:-1, max-image-preview:large, max-video-preview:-1\" \/>\n<link rel=\"canonical\" href=\"https:\/\/apoderma.com\/inicio\/producto\/secalia-balm-200-ml\/\" \/>\n<meta property=\"og:locale\" content=\"es_ES\" \/>\n<meta property=\"og:type\" content=\"article\" \/>\n<meta property=\"og:title\" content=\"Secalia Balm 200 mL - Apo Derma Store\" \/>\n<meta property=\"og:description\" content=\"Secalia Balm es un b\u00e1lsamo relipidizante para devolver la suavidad a la piel seca o con tendecia at\u00f3pica. Disponible en ApoDerma Store\" \/>\n<meta property=\"og:url\" content=\"https:\/\/apoderma.com\/inicio\/producto\/secalia-balm-200-ml\/\" \/>\n<meta property=\"og:site_name\" content=\"Apo Derma Store\" \/>\n<meta property=\"article:modified_time\" content=\"2026-02-07T20:54:38+00:00\" \/>\n<meta property=\"og:image\" content=\"https:\/\/apoderma.com\/inicio\/wp-content\/uploads\/2022\/04\/6017.png\" \/>\n\t<meta property=\"og:image:width\" content=\"800\" \/>\n\t<meta property=\"og:image:height\" content=\"800\" \/>\n\t<meta property=\"og:image:type\" content=\"image\/png\" \/>\n<meta name=\"twitter:card\" content=\"summary_large_image\" \/>\n<meta name=\"twitter:label1\" content=\"Tiempo de lectura\" \/>\n\t<meta name=\"twitter:data1\" content=\"2 minutos\" \/>\n<script type=\"application\/ld+json\" class=\"yoast-schema-graph\">{\"@context\":\"https:\/\/schema.org\",\"@graph\":[{\"@type\":\"WebPage\",\"@id\":\"https:\/\/apoderma.com\/inicio\/producto\/secalia-balm-200-ml\/\",\"url\":\"https:\/\/apoderma.com\/inicio\/producto\/secalia-balm-200-ml\/\",\"name\":\"Secalia Balm 200 mL - Apo Derma Store\",\"isPartOf\":{\"@id\":\"https:\/\/apoderma.com\/inicio\/#website\"},\"primaryImageOfPage\":{\"@id\":\"https:\/\/apoderma.com\/inicio\/producto\/secalia-balm-200-ml\/#primaryimage\"},\"image\":{\"@id\":\"https:\/\/apoderma.com\/inicio\/producto\/secalia-balm-200-ml\/#primaryimage\"},\"thumbnailUrl\":\"https:\/\/apoderma.com\/inicio\/wp-content\/uploads\/2022\/04\/6017.png\",\"datePublished\":\"2022-04-04T23:55:23+00:00\",\"dateModified\":\"2026-02-07T20:54:38+00:00\",\"description\":\"Secalia Balm es un b\u00e1lsamo relipidizante para devolver la suavidad a la piel seca o con tendecia at\u00f3pica. Disponible en ApoDerma Store\",\"breadcrumb\":{\"@id\":\"https:\/\/apoderma.com\/inicio\/producto\/secalia-balm-200-ml\/#breadcrumb\"},\"inLanguage\":\"es\",\"potentialAction\":[{\"@type\":\"ReadAction\",\"target\":[\"https:\/\/apoderma.com\/inicio\/producto\/secalia-balm-200-ml\/\"]}]},{\"@type\":\"ImageObject\",\"inLanguage\":\"es\",\"@id\":\"https:\/\/apoderma.com\/inicio\/producto\/secalia-balm-200-ml\/#primaryimage\",\"url\":\"https:\/\/apoderma.com\/inicio\/wp-content\/uploads\/2022\/04\/6017.png\",\"contentUrl\":\"https:\/\/apoderma.com\/inicio\/wp-content\/uploads\/2022\/04\/6017.png\",\"width\":800,\"height\":800,\"caption\":\"Secalia Balm\"},{\"@type\":\"BreadcrumbList\",\"@id\":\"https:\/\/apoderma.com\/inicio\/producto\/secalia-balm-200-ml\/#breadcrumb\",\"itemListElement\":[{\"@type\":\"ListItem\",\"position\":1,\"name\":\"Portada\",\"item\":\"https:\/\/apoderma.com\/inicio\/\"},{\"@type\":\"ListItem\",\"position\":2,\"name\":\"Tienda Dermocosm\u00e9tica\",\"item\":\"https:\/\/apoderma.com\/inicio\/tienda-dermocosmetica\/\"},{\"@type\":\"ListItem\",\"position\":3,\"name\":\"Secalia Balm 200 mL\"}]},{\"@type\":\"WebSite\",\"@id\":\"https:\/\/apoderma.com\/inicio\/#website\",\"url\":\"https:\/\/apoderma.com\/inicio\/\",\"name\":\"Apo Derma Store\",\"description\":\"Venta de productos cosm\u00e9ticos\",\"potentialAction\":[{\"@type\":\"SearchAction\",\"target\":{\"@type\":\"EntryPoint\",\"urlTemplate\":\"https:\/\/apoderma.com\/inicio\/?s={search_term_string}\"},\"query-input\":{\"@type\":\"PropertyValueSpecification\",\"valueRequired\":true,\"valueName\":\"search_term_string\"}}],\"inLanguage\":\"es\"}]}<\/script>\n<!-- \/ Yoast SEO plugin. -->","yoast_head_json":{"title":"Secalia Balm 200 mL - Apo Derma Store","description":"Secalia Balm es un b\u00e1lsamo relipidizante para devolver la suavidad a la piel seca o con tendecia at\u00f3pica. Disponible en ApoDerma Store","robots":{"index":"index","follow":"follow","max-snippet":"max-snippet:-1","max-image-preview":"max-image-preview:large","max-video-preview":"max-video-preview:-1"},"canonical":"https:\/\/apoderma.com\/inicio\/producto\/secalia-balm-200-ml\/","og_locale":"es_ES","og_type":"article","og_title":"Secalia Balm 200 mL - Apo Derma Store","og_description":"Secalia Balm es un b\u00e1lsamo relipidizante para devolver la suavidad a la piel seca o con tendecia at\u00f3pica. Disponible en ApoDerma Store","og_url":"https:\/\/apoderma.com\/inicio\/producto\/secalia-balm-200-ml\/","og_site_name":"Apo Derma Store","article_modified_time":"2026-02-07T20:54:38+00:00","og_image":[{"width":800,"height":800,"url":"https:\/\/apoderma.com\/inicio\/wp-content\/uploads\/2022\/04\/6017.png","type":"image\/png"}],"twitter_card":"summary_large_image","twitter_misc":{"Tiempo de lectura":"2 minutos"},"schema":{"@context":"https:\/\/schema.org","@graph":[{"@type":"WebPage","@id":"https:\/\/apoderma.com\/inicio\/producto\/secalia-balm-200-ml\/","url":"https:\/\/apoderma.com\/inicio\/producto\/secalia-balm-200-ml\/","name":"Secalia Balm 200 mL - Apo Derma Store","isPartOf":{"@id":"https:\/\/apoderma.com\/inicio\/#website"},"primaryImageOfPage":{"@id":"https:\/\/apoderma.com\/inicio\/producto\/secalia-balm-200-ml\/#primaryimage"},"image":{"@id":"https:\/\/apoderma.com\/inicio\/producto\/secalia-balm-200-ml\/#primaryimage"},"thumbnailUrl":"https:\/\/apoderma.com\/inicio\/wp-content\/uploads\/2022\/04\/6017.png","datePublished":"2022-04-04T23:55:23+00:00","dateModified":"2026-02-07T20:54:38+00:00","description":"Secalia Balm es un b\u00e1lsamo relipidizante para devolver la suavidad a la piel seca o con tendecia at\u00f3pica. Disponible en ApoDerma Store","breadcrumb":{"@id":"https:\/\/apoderma.com\/inicio\/producto\/secalia-balm-200-ml\/#breadcrumb"},"inLanguage":"es","potentialAction":[{"@type":"ReadAction","target":["https:\/\/apoderma.com\/inicio\/producto\/secalia-balm-200-ml\/"]}]},{"@type":"ImageObject","inLanguage":"es","@id":"https:\/\/apoderma.com\/inicio\/producto\/secalia-balm-200-ml\/#primaryimage","url":"https:\/\/apoderma.com\/inicio\/wp-content\/uploads\/2022\/04\/6017.png","contentUrl":"https:\/\/apoderma.com\/inicio\/wp-content\/uploads\/2022\/04\/6017.png","width":800,"height":800,"caption":"Secalia Balm"},{"@type":"BreadcrumbList","@id":"https:\/\/apoderma.com\/inicio\/producto\/secalia-balm-200-ml\/#breadcrumb","itemListElement":[{"@type":"ListItem","position":1,"name":"Portada","item":"https:\/\/apoderma.com\/inicio\/"},{"@type":"ListItem","position":2,"name":"Tienda Dermocosm\u00e9tica","item":"https:\/\/apoderma.com\/inicio\/tienda-dermocosmetica\/"},{"@type":"ListItem","position":3,"name":"Secalia Balm 200 mL"}]},{"@type":"WebSite","@id":"https:\/\/apoderma.com\/inicio\/#website","url":"https:\/\/apoderma.com\/inicio\/","name":"Apo Derma Store","description":"Venta de productos cosm\u00e9ticos","potentialAction":[{"@type":"SearchAction","target":{"@type":"EntryPoint","urlTemplate":"https:\/\/apoderma.com\/inicio\/?s={search_term_string}"},"query-input":{"@type":"PropertyValueSpecification","valueRequired":true,"valueName":"search_term_string"}}],"inLanguage":"es"}]}},"_links":{"self":[{"href":"https:\/\/apoderma.com\/inicio\/wp-json\/wp\/v2\/product\/38785","targetHints":{"allow":["GET"]}}],"collection":[{"href":"https:\/\/apoderma.com\/inicio\/wp-json\/wp\/v2\/product"}],"about":[{"href":"https:\/\/apoderma.com\/inicio\/wp-json\/wp\/v2\/types\/product"}],"wp:featuredmedia":[{"embeddable":true,"href":"https:\/\/apoderma.com\/inicio\/wp-json\/wp\/v2\/media\/38786"}],"wp:attachment":[{"href":"https:\/\/apoderma.com\/inicio\/wp-json\/wp\/v2\/media?parent=38785"}],"wp:term":[{"taxonomy":"product_cat","embeddable":true,"href":"https:\/\/apoderma.com\/inicio\/wp-json\/wp\/v2\/product_cat?post=38785"},{"taxonomy":"product_tag","embeddable":true,"href":"https:\/\/apoderma.com\/inicio\/wp-json\/wp\/v2\/product_tag?post=38785"}],"curies":[{"name":"wp","href":"https:\/\/api.w.org\/{rel}","templated":true}]}}