{"id":35203,"date":"2021-09-21T14:08:19","date_gmt":"2021-09-21T20:08:19","guid":{"rendered":"https:\/\/apoderma.com\/inicio\/?post_type=product&#038;p=35203"},"modified":"2025-04-12T15:14:04","modified_gmt":"2025-04-12T21:14:04","slug":"healthy-aging-multi-accion-50-ml","status":"publish","type":"product","link":"https:\/\/apoderma.com\/inicio\/producto\/healthy-aging-multi-accion-50-ml\/","title":{"rendered":"HealthyAging Multi Acci\u00f3n 50 mL"},"content":{"rendered":"<h3>Especificaciones<\/h3>\n<ul>\n<li><a href=\"https:\/\/laboratoriosbabe.com\/rostro\/healthy-aging\/multi-accion\"><strong>La Multi Acci\u00f3n de la l\u00ednea HealthyAging<\/strong><\/a> es una crema que nutre, reduce las arrugas, reafirma y unifica el tono de la piel.<\/li>\n<li>Su f\u00f3rmula espec\u00edfica para el cuidado de las pieles maduras estimula la actividad celular, repara la barrera cut\u00e1nea y devuelve a la piel su elasticidad aportando confort.<\/li>\n<li>Piel m\u00e1s suave y nutrida.<\/li>\n<li>Devuelve la densidad y el volumen.<\/li>\n<li>Antioxidante, aporta luminosidad y unifica el tono.<\/li>\n<li>Hidrata en profundidad.<\/li>\n<li>Aporta sensaci\u00f3n de confort gracias a su textura sedosa.<\/li>\n<li>Protege frente a agresiones externas.<\/li>\n<li>Su complejo nutritivo refuerza la funci\u00f3n barrera de la piel.<\/li>\n<li>Es apta para piel sensible.<\/li>\n<\/ul>\n<h3>Composici\u00f3n<\/h3>\n<p><strong>Activos para protecci\u00f3n:<\/strong><\/p>\n<ul>\n<li>Biolin prebiotic 2%: Refuerza la barrera cut\u00e1nea y mantiene la salud de la piel.<\/li>\n<li>Vitamina C 0,5%: Antioxidante frente a los radicales libres, es capaz de regenerar la vitamina E.<\/li>\n<li>Carnosina 0,2%: Antioxidante natural que ayuda a evitar el da\u00f1o producido por los radicales libres procedentes de la contaminaci\u00f3n.<\/li>\n<\/ul>\n<p><strong>Activos para correcci\u00f3n y prevenci\u00f3n<\/strong><\/p>\n<ul>\n<li>Centella asi\u00e1tica 3%: Aumenta el contenido de col\u00e1geno y la regeneraci\u00f3n cut\u00e1nea.<\/li>\n<li>Elastina 1,5%: Hidrolizado marino. Ayuda a retrasar el envejecimiento prematuro.<\/li>\n<li>\u00c1cido l\u00e1ctico 1%: Alfa hidroxi\u00e1cido (AHA) con acci\u00f3n hidratante y renovadora de la piel que favorece la penetraci\u00f3n de activos.<\/li>\n<li>Col\u00e1geno 0,5%: Aporta firmeza, flexibilidad y ayuda a la renovaci\u00f3n de la piel.<\/li>\n<li>\u00c1cido pir\u00favico 0,5%: Alfa hidroxi\u00e1cido (AHA) que estimula la formaci\u00f3n de nuevo col\u00e1geno y fibras el\u00e1sticas.<\/li>\n<\/ul>\n<p><strong>Activos con efecto inmediato:\u00a0<\/strong><\/p>\n<ul>\n<li>Complejo nutritivo 1%: Combinaci\u00f3n de aceites vegetales que ayudan a hidratar, nutrir y restaurar la barrera cut\u00e1nea.<\/li>\n<li>\u00c1cido hialur\u00f3nico 0,1%: Mantiene la piel hidratada, firme y el\u00e1stica, rellenando las finas l\u00edneas de expresi\u00f3n.<\/li>\n<\/ul>\n<h3>Modo de uso:<\/h3>\n<ol>\n<li>Aplicar por la ma\u00f1ana, sobre la piel limpia y seca, una fina capa de la crema pieles maduras y masajear hasta su completa absorci\u00f3n. Aplicar fotoprotecci\u00f3n para apoyar la lucha contra el fotoenvejecimiento.<\/li>\n<li>Puede aplicarla dos veces al d\u00eda, por la ma\u00f1ana y por la noche.<\/li>\n<li>Para un tratamiento completo, combinar su uso con <a href=\"https:\/\/apoderma.com\/inicio\/producto\/healthy-aging-multi-corrector-15-ml\/\">Tensor ojos y labios<\/a> de esta misma l\u00ednea.<\/li>\n<\/ol>\n","protected":false},"excerpt":{"rendered":"<p>Crema para pieles maduras\u00a0 Cuidado nutritivo espec\u00edfico para la piel m\u00e1s madura gracias a su&hellip;<\/p>\n","protected":false},"featured_media":37277,"template":"","meta":{"_glsr_average":0,"_glsr_ranking":0,"_glsr_reviews":0},"product_cat":[89,92],"product_tag":[238,236,115],"class_list":{"0":"post-35203","1":"product","2":"type-product","3":"status-publish","4":"has-post-thumbnail","6":"product_brand-babe","7":"product_cat-rostro","8":"product_cat-signos-de-la-edad","9":"product_tag-crema-nutritiva","10":"product_tag-pieles-maduras","11":"product_tag-rostro","13":"first","14":"instock","15":"taxable","16":"shipping-taxable","17":"purchasable","18":"product-type-simple","19":"thumb-no-effect","20":"prod-rating-on"},"yoast_head":"<!-- This site is optimized with the Yoast SEO plugin v25.3.1 - https:\/\/yoast.com\/wordpress\/plugins\/seo\/ -->\n<title>HealthyAging Multi Acci\u00f3n 50 mL - Apo Derma Store<\/title>\n<meta name=\"description\" content=\"HealthyAging Multi Acci\u00f3n es una crema nutritiva espec\u00edfica para pieles maduras gracias a su suave y sedosa textura. Disponible en ApoDerma Store\" \/>\n<meta name=\"robots\" content=\"index, follow, max-snippet:-1, max-image-preview:large, max-video-preview:-1\" \/>\n<link rel=\"canonical\" href=\"https:\/\/apoderma.com\/inicio\/producto\/healthy-aging-multi-accion-50-ml\/\" \/>\n<meta property=\"og:locale\" content=\"es_ES\" \/>\n<meta property=\"og:type\" content=\"article\" \/>\n<meta property=\"og:title\" content=\"HealthyAging Multi Acci\u00f3n 50 mL - Apo Derma Store\" \/>\n<meta property=\"og:description\" content=\"HealthyAging Multi Acci\u00f3n es una crema nutritiva espec\u00edfica para pieles maduras gracias a su suave y sedosa textura. Disponible en ApoDerma Store\" \/>\n<meta property=\"og:url\" content=\"https:\/\/apoderma.com\/inicio\/producto\/healthy-aging-multi-accion-50-ml\/\" \/>\n<meta property=\"og:site_name\" content=\"Apo Derma Store\" \/>\n<meta property=\"article:modified_time\" content=\"2025-04-12T21:14:04+00:00\" \/>\n<meta property=\"og:image\" content=\"https:\/\/apoderma.com\/inicio\/wp-content\/uploads\/2021\/09\/8431.png\" \/>\n\t<meta property=\"og:image:width\" content=\"800\" \/>\n\t<meta property=\"og:image:height\" content=\"800\" \/>\n\t<meta property=\"og:image:type\" content=\"image\/png\" \/>\n<meta name=\"twitter:card\" content=\"summary_large_image\" \/>\n<meta name=\"twitter:label1\" content=\"Tiempo de lectura\" \/>\n\t<meta name=\"twitter:data1\" content=\"2 minutos\" \/>\n<script type=\"application\/ld+json\" class=\"yoast-schema-graph\">{\"@context\":\"https:\/\/schema.org\",\"@graph\":[{\"@type\":\"WebPage\",\"@id\":\"https:\/\/apoderma.com\/inicio\/producto\/healthy-aging-multi-accion-50-ml\/\",\"url\":\"https:\/\/apoderma.com\/inicio\/producto\/healthy-aging-multi-accion-50-ml\/\",\"name\":\"HealthyAging Multi Acci\u00f3n 50 mL - Apo Derma Store\",\"isPartOf\":{\"@id\":\"https:\/\/apoderma.com\/inicio\/#website\"},\"primaryImageOfPage\":{\"@id\":\"https:\/\/apoderma.com\/inicio\/producto\/healthy-aging-multi-accion-50-ml\/#primaryimage\"},\"image\":{\"@id\":\"https:\/\/apoderma.com\/inicio\/producto\/healthy-aging-multi-accion-50-ml\/#primaryimage\"},\"thumbnailUrl\":\"https:\/\/apoderma.com\/inicio\/wp-content\/uploads\/2021\/09\/8431.png\",\"datePublished\":\"2021-09-21T20:08:19+00:00\",\"dateModified\":\"2025-04-12T21:14:04+00:00\",\"description\":\"HealthyAging Multi Acci\u00f3n es una crema nutritiva espec\u00edfica para pieles maduras gracias a su suave y sedosa textura. Disponible en ApoDerma Store\",\"breadcrumb\":{\"@id\":\"https:\/\/apoderma.com\/inicio\/producto\/healthy-aging-multi-accion-50-ml\/#breadcrumb\"},\"inLanguage\":\"es\",\"potentialAction\":[{\"@type\":\"ReadAction\",\"target\":[\"https:\/\/apoderma.com\/inicio\/producto\/healthy-aging-multi-accion-50-ml\/\"]}]},{\"@type\":\"ImageObject\",\"inLanguage\":\"es\",\"@id\":\"https:\/\/apoderma.com\/inicio\/producto\/healthy-aging-multi-accion-50-ml\/#primaryimage\",\"url\":\"https:\/\/apoderma.com\/inicio\/wp-content\/uploads\/2021\/09\/8431.png\",\"contentUrl\":\"https:\/\/apoderma.com\/inicio\/wp-content\/uploads\/2021\/09\/8431.png\",\"width\":800,\"height\":800,\"caption\":\"Multi Acci\u00f3n\"},{\"@type\":\"BreadcrumbList\",\"@id\":\"https:\/\/apoderma.com\/inicio\/producto\/healthy-aging-multi-accion-50-ml\/#breadcrumb\",\"itemListElement\":[{\"@type\":\"ListItem\",\"position\":1,\"name\":\"Portada\",\"item\":\"https:\/\/apoderma.com\/inicio\/\"},{\"@type\":\"ListItem\",\"position\":2,\"name\":\"Tienda Dermocosm\u00e9tica\",\"item\":\"https:\/\/apoderma.com\/inicio\/tienda-dermocosmetica\/\"},{\"@type\":\"ListItem\",\"position\":3,\"name\":\"HealthyAging Multi Acci\u00f3n 50 mL\"}]},{\"@type\":\"WebSite\",\"@id\":\"https:\/\/apoderma.com\/inicio\/#website\",\"url\":\"https:\/\/apoderma.com\/inicio\/\",\"name\":\"Apo Derma Store\",\"description\":\"Venta de productos cosm\u00e9ticos\",\"potentialAction\":[{\"@type\":\"SearchAction\",\"target\":{\"@type\":\"EntryPoint\",\"urlTemplate\":\"https:\/\/apoderma.com\/inicio\/?s={search_term_string}\"},\"query-input\":{\"@type\":\"PropertyValueSpecification\",\"valueRequired\":true,\"valueName\":\"search_term_string\"}}],\"inLanguage\":\"es\"}]}<\/script>\n<!-- \/ Yoast SEO plugin. -->","yoast_head_json":{"title":"HealthyAging Multi Acci\u00f3n 50 mL - Apo Derma Store","description":"HealthyAging Multi Acci\u00f3n es una crema nutritiva espec\u00edfica para pieles maduras gracias a su suave y sedosa textura. Disponible en ApoDerma Store","robots":{"index":"index","follow":"follow","max-snippet":"max-snippet:-1","max-image-preview":"max-image-preview:large","max-video-preview":"max-video-preview:-1"},"canonical":"https:\/\/apoderma.com\/inicio\/producto\/healthy-aging-multi-accion-50-ml\/","og_locale":"es_ES","og_type":"article","og_title":"HealthyAging Multi Acci\u00f3n 50 mL - Apo Derma Store","og_description":"HealthyAging Multi Acci\u00f3n es una crema nutritiva espec\u00edfica para pieles maduras gracias a su suave y sedosa textura. Disponible en ApoDerma Store","og_url":"https:\/\/apoderma.com\/inicio\/producto\/healthy-aging-multi-accion-50-ml\/","og_site_name":"Apo Derma Store","article_modified_time":"2025-04-12T21:14:04+00:00","og_image":[{"width":800,"height":800,"url":"https:\/\/apoderma.com\/inicio\/wp-content\/uploads\/2021\/09\/8431.png","type":"image\/png"}],"twitter_card":"summary_large_image","twitter_misc":{"Tiempo de lectura":"2 minutos"},"schema":{"@context":"https:\/\/schema.org","@graph":[{"@type":"WebPage","@id":"https:\/\/apoderma.com\/inicio\/producto\/healthy-aging-multi-accion-50-ml\/","url":"https:\/\/apoderma.com\/inicio\/producto\/healthy-aging-multi-accion-50-ml\/","name":"HealthyAging Multi Acci\u00f3n 50 mL - Apo Derma Store","isPartOf":{"@id":"https:\/\/apoderma.com\/inicio\/#website"},"primaryImageOfPage":{"@id":"https:\/\/apoderma.com\/inicio\/producto\/healthy-aging-multi-accion-50-ml\/#primaryimage"},"image":{"@id":"https:\/\/apoderma.com\/inicio\/producto\/healthy-aging-multi-accion-50-ml\/#primaryimage"},"thumbnailUrl":"https:\/\/apoderma.com\/inicio\/wp-content\/uploads\/2021\/09\/8431.png","datePublished":"2021-09-21T20:08:19+00:00","dateModified":"2025-04-12T21:14:04+00:00","description":"HealthyAging Multi Acci\u00f3n es una crema nutritiva espec\u00edfica para pieles maduras gracias a su suave y sedosa textura. Disponible en ApoDerma Store","breadcrumb":{"@id":"https:\/\/apoderma.com\/inicio\/producto\/healthy-aging-multi-accion-50-ml\/#breadcrumb"},"inLanguage":"es","potentialAction":[{"@type":"ReadAction","target":["https:\/\/apoderma.com\/inicio\/producto\/healthy-aging-multi-accion-50-ml\/"]}]},{"@type":"ImageObject","inLanguage":"es","@id":"https:\/\/apoderma.com\/inicio\/producto\/healthy-aging-multi-accion-50-ml\/#primaryimage","url":"https:\/\/apoderma.com\/inicio\/wp-content\/uploads\/2021\/09\/8431.png","contentUrl":"https:\/\/apoderma.com\/inicio\/wp-content\/uploads\/2021\/09\/8431.png","width":800,"height":800,"caption":"Multi Acci\u00f3n"},{"@type":"BreadcrumbList","@id":"https:\/\/apoderma.com\/inicio\/producto\/healthy-aging-multi-accion-50-ml\/#breadcrumb","itemListElement":[{"@type":"ListItem","position":1,"name":"Portada","item":"https:\/\/apoderma.com\/inicio\/"},{"@type":"ListItem","position":2,"name":"Tienda Dermocosm\u00e9tica","item":"https:\/\/apoderma.com\/inicio\/tienda-dermocosmetica\/"},{"@type":"ListItem","position":3,"name":"HealthyAging Multi Acci\u00f3n 50 mL"}]},{"@type":"WebSite","@id":"https:\/\/apoderma.com\/inicio\/#website","url":"https:\/\/apoderma.com\/inicio\/","name":"Apo Derma Store","description":"Venta de productos cosm\u00e9ticos","potentialAction":[{"@type":"SearchAction","target":{"@type":"EntryPoint","urlTemplate":"https:\/\/apoderma.com\/inicio\/?s={search_term_string}"},"query-input":{"@type":"PropertyValueSpecification","valueRequired":true,"valueName":"search_term_string"}}],"inLanguage":"es"}]}},"_links":{"self":[{"href":"https:\/\/apoderma.com\/inicio\/wp-json\/wp\/v2\/product\/35203","targetHints":{"allow":["GET"]}}],"collection":[{"href":"https:\/\/apoderma.com\/inicio\/wp-json\/wp\/v2\/product"}],"about":[{"href":"https:\/\/apoderma.com\/inicio\/wp-json\/wp\/v2\/types\/product"}],"wp:featuredmedia":[{"embeddable":true,"href":"https:\/\/apoderma.com\/inicio\/wp-json\/wp\/v2\/media\/37277"}],"wp:attachment":[{"href":"https:\/\/apoderma.com\/inicio\/wp-json\/wp\/v2\/media?parent=35203"}],"wp:term":[{"taxonomy":"product_cat","embeddable":true,"href":"https:\/\/apoderma.com\/inicio\/wp-json\/wp\/v2\/product_cat?post=35203"},{"taxonomy":"product_tag","embeddable":true,"href":"https:\/\/apoderma.com\/inicio\/wp-json\/wp\/v2\/product_tag?post=35203"}],"curies":[{"name":"wp","href":"https:\/\/api.w.org\/{rel}","templated":true}]}}