{"id":18179,"date":"2020-09-09T13:49:42","date_gmt":"2020-09-09T19:49:42","guid":{"rendered":"https:\/\/apoderma.com\/inicio\/?post_type=product&#038;p=18179"},"modified":"2025-04-12T15:53:42","modified_gmt":"2025-04-12T21:53:42","slug":"c-vit-radiance-fluido-luminoso-50-ml","status":"publish","type":"product","link":"https:\/\/apoderma.com\/inicio\/producto\/c-vit-radiance-fluido-luminoso-50-ml\/","title":{"rendered":"C-Vit Radiance Fluido Luminoso 50 mL"},"content":{"rendered":"<h3>Especificaciones<\/h3>\n<ul>\n<li>C Vit Radiance Fluido Luminoso de <a href=\"http:\/\/www.sesderma.com.co\/co\/categorias\/familias\/sesvitamin-c\/sesvitamin-c-radiance-fluido-luminoso.html\">Sesderma <\/a>est\u00e1 indicado para prevenir y tratar el fotoenvejecimiento cut\u00e1neo provocado por el sol, estr\u00e9s, tabaco, una alimentaci\u00f3n poco equilibrada, dormir poco, entre otros factores.<\/li>\n<li>Su exclusivo ANTIOX BOOSTER SYSTEM favorece la s\u00edntesis de col\u00e1geno y ayuda a obtener un tono uniforme de la piel, devolvi\u00e9ndole su luminosidad natural.<\/li>\n<li>Aporta luminosidad y vitalidad a la piel, proporcion\u00e1ndole, de manera inmediata, un aspecto radiante y saludable.<\/li>\n<li>Homogeneiza el tono de la piel.<\/li>\n<li>Mejora la textura y elasticidad de la piel, contribuyendo a minimizar arrugas y l\u00edneas de expresi\u00f3n.<\/li>\n<li>Adem\u00e1s unifica el tono de la piel, aclara las manchas y previene su aparici\u00f3n.<\/li>\n<li>Intensa acci\u00f3n antioxidante (captaci\u00f3n de radicales libres), blanqueante y antienvejecimiento (incremento de la s\u00edntesis de col\u00e1geno).<\/li>\n<li>Adem\u00e1s incorpora un equipo de antioxidantes (extracto de ginkgo biloba, quercetina y pterostilbeno) para neutralizar todos los da\u00f1os celulares producidos por los radicales libres. Cada uno de ellos act\u00faa en un lugar espec\u00edfico de las c\u00e9lulas para garantizar una protecci\u00f3n integral.<\/li>\n<li>Indicado para todo tipo de pieles.<\/li>\n<\/ul>\n<h3>Composici\u00f3n:<\/h3>\n<ul>\n<li>Vitamina C estabilizada (3-O-Ethyl ascorbic acid), Antiox booster system (ginkgo biloba, Pterostilbeno, Quercetina), Palmitoyl tripeptido-5, Complejo clarificante, Pigmentos luminosos.<\/li>\n<li>La encapsulaci\u00f3n en burbujas lip\u00eddicas de todos sus activos garantiza una mejor penetraci\u00f3n, rapidez y eficacia de la f\u00f3rmula ya que permite que estos alcancen su lugar de acci\u00f3n.<\/li>\n<\/ul>\n<h3><strong>Modo de uso:<\/strong><\/h3>\n<ol>\n<li><a href=\"https:\/\/apoderma.com\/inicio\/categoria-producto\/rostro\/limpieza\/page\/2\/\">Limpie<\/a> y tonifique la piel.<\/li>\n<li>A continuaci\u00f3n aplique C Vit Radiance Fluido luminoso, preferiblemente dos veces al d\u00eda, por la ma\u00f1ana y\/o por la noche, con un suave masaje hasta su completa absorci\u00f3n.<\/li>\n<li>Previamente se podr\u00eda aplicar un serum como tratamiento intensivo de choque como C Vit serum liposomal.<\/li>\n<\/ol>\n","protected":false},"excerpt":{"rendered":"<p>Fluido Luminoso Prevenci\u00f3n y tratamiento del fotoenvejecimiento cut\u00e1neo recomendado en todo tipo de pieles. Especialmente&hellip;<\/p>\n","protected":false},"featured_media":39267,"template":"","meta":{"_glsr_average":0,"_glsr_ranking":0,"_glsr_reviews":0},"product_cat":[93,89,92],"product_tag":[178,179,117,115],"class_list":{"0":"post-18179","1":"product","2":"type-product","3":"status-publish","4":"has-post-thumbnail","6":"product_brand-sesderma","7":"product_cat-manchas","8":"product_cat-rostro","9":"product_cat-signos-de-la-edad","10":"product_tag-anti-envejecimiento","11":"product_tag-fotoproteccion","12":"product_tag-manchas","13":"product_tag-rostro","15":"first","16":"instock","17":"taxable","18":"shipping-taxable","19":"purchasable","20":"product-type-simple","21":"thumb-no-effect","22":"prod-rating-on"},"yoast_head":"<!-- This site is optimized with the Yoast SEO plugin v25.3.1 - https:\/\/yoast.com\/wordpress\/plugins\/seo\/ -->\n<title>C-Vit Radiance Fluido Luminoso 50 mL - Apo Derma Store<\/title>\n<meta name=\"description\" content=\"C-Vit Radiance Fluido Luminoso previene y trata el fotoenvejecimiento cut\u00e1neo para tipo de pieles. Disponible en ApoDerma Store.\" \/>\n<meta name=\"robots\" content=\"index, follow, max-snippet:-1, max-image-preview:large, max-video-preview:-1\" \/>\n<link rel=\"canonical\" href=\"https:\/\/apoderma.com\/inicio\/producto\/c-vit-radiance-fluido-luminoso-50-ml\/\" \/>\n<meta property=\"og:locale\" content=\"es_ES\" \/>\n<meta property=\"og:type\" content=\"article\" \/>\n<meta property=\"og:title\" content=\"C-Vit Radiance Fluido Luminoso 50 mL - Apo Derma Store\" \/>\n<meta property=\"og:description\" content=\"C-Vit Radiance Fluido Luminoso previene y trata el fotoenvejecimiento cut\u00e1neo para tipo de pieles. Disponible en ApoDerma Store.\" \/>\n<meta property=\"og:url\" content=\"https:\/\/apoderma.com\/inicio\/producto\/c-vit-radiance-fluido-luminoso-50-ml\/\" \/>\n<meta property=\"og:site_name\" content=\"Apo Derma Store\" \/>\n<meta property=\"article:modified_time\" content=\"2025-04-12T21:53:42+00:00\" \/>\n<meta property=\"og:image\" content=\"https:\/\/apoderma.com\/inicio\/wp-content\/uploads\/2020\/09\/C-Vit-Radiance-1.png\" \/>\n\t<meta property=\"og:image:width\" content=\"800\" \/>\n\t<meta property=\"og:image:height\" content=\"800\" \/>\n\t<meta property=\"og:image:type\" content=\"image\/png\" \/>\n<meta name=\"twitter:card\" content=\"summary_large_image\" \/>\n<meta name=\"twitter:label1\" content=\"Tiempo de lectura\" \/>\n\t<meta name=\"twitter:data1\" content=\"2 minutos\" \/>\n<script type=\"application\/ld+json\" class=\"yoast-schema-graph\">{\"@context\":\"https:\/\/schema.org\",\"@graph\":[{\"@type\":\"WebPage\",\"@id\":\"https:\/\/apoderma.com\/inicio\/producto\/c-vit-radiance-fluido-luminoso-50-ml\/\",\"url\":\"https:\/\/apoderma.com\/inicio\/producto\/c-vit-radiance-fluido-luminoso-50-ml\/\",\"name\":\"C-Vit Radiance Fluido Luminoso 50 mL - Apo Derma Store\",\"isPartOf\":{\"@id\":\"https:\/\/apoderma.com\/inicio\/#website\"},\"primaryImageOfPage\":{\"@id\":\"https:\/\/apoderma.com\/inicio\/producto\/c-vit-radiance-fluido-luminoso-50-ml\/#primaryimage\"},\"image\":{\"@id\":\"https:\/\/apoderma.com\/inicio\/producto\/c-vit-radiance-fluido-luminoso-50-ml\/#primaryimage\"},\"thumbnailUrl\":\"https:\/\/apoderma.com\/inicio\/wp-content\/uploads\/2020\/09\/C-Vit-Radiance-1.png\",\"datePublished\":\"2020-09-09T19:49:42+00:00\",\"dateModified\":\"2025-04-12T21:53:42+00:00\",\"description\":\"C-Vit Radiance Fluido Luminoso previene y trata el fotoenvejecimiento cut\u00e1neo para tipo de pieles. Disponible en ApoDerma Store.\",\"breadcrumb\":{\"@id\":\"https:\/\/apoderma.com\/inicio\/producto\/c-vit-radiance-fluido-luminoso-50-ml\/#breadcrumb\"},\"inLanguage\":\"es\",\"potentialAction\":[{\"@type\":\"ReadAction\",\"target\":[\"https:\/\/apoderma.com\/inicio\/producto\/c-vit-radiance-fluido-luminoso-50-ml\/\"]}]},{\"@type\":\"ImageObject\",\"inLanguage\":\"es\",\"@id\":\"https:\/\/apoderma.com\/inicio\/producto\/c-vit-radiance-fluido-luminoso-50-ml\/#primaryimage\",\"url\":\"https:\/\/apoderma.com\/inicio\/wp-content\/uploads\/2020\/09\/C-Vit-Radiance-1.png\",\"contentUrl\":\"https:\/\/apoderma.com\/inicio\/wp-content\/uploads\/2020\/09\/C-Vit-Radiance-1.png\",\"width\":800,\"height\":800,\"caption\":\"C-Vit Radiance\"},{\"@type\":\"BreadcrumbList\",\"@id\":\"https:\/\/apoderma.com\/inicio\/producto\/c-vit-radiance-fluido-luminoso-50-ml\/#breadcrumb\",\"itemListElement\":[{\"@type\":\"ListItem\",\"position\":1,\"name\":\"Portada\",\"item\":\"https:\/\/apoderma.com\/inicio\/\"},{\"@type\":\"ListItem\",\"position\":2,\"name\":\"Tienda Dermocosm\u00e9tica\",\"item\":\"https:\/\/apoderma.com\/inicio\/tienda-dermocosmetica\/\"},{\"@type\":\"ListItem\",\"position\":3,\"name\":\"C-Vit Radiance Fluido Luminoso 50 mL\"}]},{\"@type\":\"WebSite\",\"@id\":\"https:\/\/apoderma.com\/inicio\/#website\",\"url\":\"https:\/\/apoderma.com\/inicio\/\",\"name\":\"Apo Derma Store\",\"description\":\"Venta de productos cosm\u00e9ticos\",\"potentialAction\":[{\"@type\":\"SearchAction\",\"target\":{\"@type\":\"EntryPoint\",\"urlTemplate\":\"https:\/\/apoderma.com\/inicio\/?s={search_term_string}\"},\"query-input\":{\"@type\":\"PropertyValueSpecification\",\"valueRequired\":true,\"valueName\":\"search_term_string\"}}],\"inLanguage\":\"es\"}]}<\/script>\n<!-- \/ Yoast SEO plugin. -->","yoast_head_json":{"title":"C-Vit Radiance Fluido Luminoso 50 mL - Apo Derma Store","description":"C-Vit Radiance Fluido Luminoso previene y trata el fotoenvejecimiento cut\u00e1neo para tipo de pieles. Disponible en ApoDerma Store.","robots":{"index":"index","follow":"follow","max-snippet":"max-snippet:-1","max-image-preview":"max-image-preview:large","max-video-preview":"max-video-preview:-1"},"canonical":"https:\/\/apoderma.com\/inicio\/producto\/c-vit-radiance-fluido-luminoso-50-ml\/","og_locale":"es_ES","og_type":"article","og_title":"C-Vit Radiance Fluido Luminoso 50 mL - Apo Derma Store","og_description":"C-Vit Radiance Fluido Luminoso previene y trata el fotoenvejecimiento cut\u00e1neo para tipo de pieles. Disponible en ApoDerma Store.","og_url":"https:\/\/apoderma.com\/inicio\/producto\/c-vit-radiance-fluido-luminoso-50-ml\/","og_site_name":"Apo Derma Store","article_modified_time":"2025-04-12T21:53:42+00:00","og_image":[{"width":800,"height":800,"url":"https:\/\/apoderma.com\/inicio\/wp-content\/uploads\/2020\/09\/C-Vit-Radiance-1.png","type":"image\/png"}],"twitter_card":"summary_large_image","twitter_misc":{"Tiempo de lectura":"2 minutos"},"schema":{"@context":"https:\/\/schema.org","@graph":[{"@type":"WebPage","@id":"https:\/\/apoderma.com\/inicio\/producto\/c-vit-radiance-fluido-luminoso-50-ml\/","url":"https:\/\/apoderma.com\/inicio\/producto\/c-vit-radiance-fluido-luminoso-50-ml\/","name":"C-Vit Radiance Fluido Luminoso 50 mL - Apo Derma Store","isPartOf":{"@id":"https:\/\/apoderma.com\/inicio\/#website"},"primaryImageOfPage":{"@id":"https:\/\/apoderma.com\/inicio\/producto\/c-vit-radiance-fluido-luminoso-50-ml\/#primaryimage"},"image":{"@id":"https:\/\/apoderma.com\/inicio\/producto\/c-vit-radiance-fluido-luminoso-50-ml\/#primaryimage"},"thumbnailUrl":"https:\/\/apoderma.com\/inicio\/wp-content\/uploads\/2020\/09\/C-Vit-Radiance-1.png","datePublished":"2020-09-09T19:49:42+00:00","dateModified":"2025-04-12T21:53:42+00:00","description":"C-Vit Radiance Fluido Luminoso previene y trata el fotoenvejecimiento cut\u00e1neo para tipo de pieles. Disponible en ApoDerma Store.","breadcrumb":{"@id":"https:\/\/apoderma.com\/inicio\/producto\/c-vit-radiance-fluido-luminoso-50-ml\/#breadcrumb"},"inLanguage":"es","potentialAction":[{"@type":"ReadAction","target":["https:\/\/apoderma.com\/inicio\/producto\/c-vit-radiance-fluido-luminoso-50-ml\/"]}]},{"@type":"ImageObject","inLanguage":"es","@id":"https:\/\/apoderma.com\/inicio\/producto\/c-vit-radiance-fluido-luminoso-50-ml\/#primaryimage","url":"https:\/\/apoderma.com\/inicio\/wp-content\/uploads\/2020\/09\/C-Vit-Radiance-1.png","contentUrl":"https:\/\/apoderma.com\/inicio\/wp-content\/uploads\/2020\/09\/C-Vit-Radiance-1.png","width":800,"height":800,"caption":"C-Vit Radiance"},{"@type":"BreadcrumbList","@id":"https:\/\/apoderma.com\/inicio\/producto\/c-vit-radiance-fluido-luminoso-50-ml\/#breadcrumb","itemListElement":[{"@type":"ListItem","position":1,"name":"Portada","item":"https:\/\/apoderma.com\/inicio\/"},{"@type":"ListItem","position":2,"name":"Tienda Dermocosm\u00e9tica","item":"https:\/\/apoderma.com\/inicio\/tienda-dermocosmetica\/"},{"@type":"ListItem","position":3,"name":"C-Vit Radiance Fluido Luminoso 50 mL"}]},{"@type":"WebSite","@id":"https:\/\/apoderma.com\/inicio\/#website","url":"https:\/\/apoderma.com\/inicio\/","name":"Apo Derma Store","description":"Venta de productos cosm\u00e9ticos","potentialAction":[{"@type":"SearchAction","target":{"@type":"EntryPoint","urlTemplate":"https:\/\/apoderma.com\/inicio\/?s={search_term_string}"},"query-input":{"@type":"PropertyValueSpecification","valueRequired":true,"valueName":"search_term_string"}}],"inLanguage":"es"}]}},"_links":{"self":[{"href":"https:\/\/apoderma.com\/inicio\/wp-json\/wp\/v2\/product\/18179","targetHints":{"allow":["GET"]}}],"collection":[{"href":"https:\/\/apoderma.com\/inicio\/wp-json\/wp\/v2\/product"}],"about":[{"href":"https:\/\/apoderma.com\/inicio\/wp-json\/wp\/v2\/types\/product"}],"wp:featuredmedia":[{"embeddable":true,"href":"https:\/\/apoderma.com\/inicio\/wp-json\/wp\/v2\/media\/39267"}],"wp:attachment":[{"href":"https:\/\/apoderma.com\/inicio\/wp-json\/wp\/v2\/media?parent=18179"}],"wp:term":[{"taxonomy":"product_cat","embeddable":true,"href":"https:\/\/apoderma.com\/inicio\/wp-json\/wp\/v2\/product_cat?post=18179"},{"taxonomy":"product_tag","embeddable":true,"href":"https:\/\/apoderma.com\/inicio\/wp-json\/wp\/v2\/product_tag?post=18179"}],"curies":[{"name":"wp","href":"https:\/\/api.w.org\/{rel}","templated":true}]}}