{"id":17994,"date":"2020-09-05T16:12:22","date_gmt":"2020-09-05T22:12:22","guid":{"rendered":"https:\/\/apoderma.com\/inicio\/?post_type=product&#038;p=17994"},"modified":"2025-04-12T16:09:23","modified_gmt":"2025-04-12T22:09:23","slug":"hidraderm-hyal-serum-30-ml","status":"publish","type":"product","link":"https:\/\/apoderma.com\/inicio\/producto\/hidraderm-hyal-serum-30-ml\/","title":{"rendered":"Hidraderm Hyal Serum 30 mL"},"content":{"rendered":"<h2>Especificaciones:<\/h2>\n<ul>\n<li>HIDRADERM HYAL de <a href=\"http:\/\/www.sesderma.com.co\/co\/categorias\/familias\/hidraderm\/hidraderm-hyal-liposomal-serum-30-ml.html\">Sesderma<\/a> es un tratamiento intensivo hidratante y antiedad. Hidrataci\u00f3n diaria facial.<\/li>\n<li>Deshidrataci\u00f3n inducida por tratamientos dermatol\u00f3gicos (corticoides, retinoides, entre otros) y\/o oncol\u00f3gicos (quimio y radioterapia).<\/li>\n<li>Todo tipo de pieles, incluso las m\u00e1s sensibles.<\/li>\n<li>HIDRADERM HYAL es fuente directa de \u00e1cido hialur\u00f3nico, a diferencia del aporte de precursores (N-acetil D-gluco- samina y \u00c1cido D-Glucur\u00f3nico) que requieren la posterior formaci\u00f3n de la mol\u00e9cula. Con 3 tipos de \u00e1cido hialur\u00f3nico para una hidrataci\u00f3n multicapa.<\/li>\n<\/ul>\n<h2>Composici\u00f3n:<\/h2>\n<ul>\n<li>\u00c1cido Hialur\u00f3nico, Ceramidas, \u00c1cidos grasos esenciales, Fitoesfingosina y liposomas de retinol y retinaldehido en bajas concentraciones, que aseguran alta tolerancia y posibilitan su uso durante todo el a\u00f1o.<\/li>\n<\/ul>\n<h2 class=\"h1\"><strong>Modo de uso:<\/strong><\/h2>\n<ol>\n<li>Aplicar el producto en la zona facial sobre la piel <a href=\"https:\/\/apoderma.com\/inicio\/categoria-producto\/rostro\/limpieza\/\">limpia<\/a>, realizando un suave masaje, hasta su completa absorci\u00f3n.<\/li>\n<li>Ma\u00f1ana y noche.<\/li>\n<li>Dermatol\u00f3gicamente comprobado.<\/li>\n<\/ol>\n","protected":false},"excerpt":{"rendered":"<p>Hidrataci\u00f3n intensiva y acci\u00f3n anti-edad para todo tipo de piel. Disponible compra por pedido mediante&hellip;<\/p>\n","protected":false},"featured_media":17995,"template":"","meta":{"_glsr_average":0,"_glsr_ranking":0,"_glsr_reviews":0},"product_cat":[91,89],"product_tag":[116,115],"class_list":{"0":"post-17994","1":"product","2":"type-product","3":"status-publish","4":"has-post-thumbnail","6":"product_brand-sesderma","7":"product_cat-hidratacion","8":"product_cat-rostro","9":"product_tag-antiedad","10":"product_tag-rostro","12":"first","13":"instock","14":"taxable","15":"shipping-taxable","16":"purchasable","17":"product-type-simple","18":"thumb-no-effect","19":"prod-rating-on"},"yoast_head":"<!-- This site is optimized with the Yoast SEO plugin v25.3.1 - https:\/\/yoast.com\/wordpress\/plugins\/seo\/ -->\n<title>Hidraderm Hyal Serum 30 mL - Apo Derma Store<\/title>\n<meta name=\"description\" content=\"Hidraderm Hyal Serum 30 mL. Acci\u00f3n intensiva hidratante y antiedad. Para todo tipo de pieles.Disponible en ApoDerma Store.\" \/>\n<meta name=\"robots\" content=\"index, follow, max-snippet:-1, max-image-preview:large, max-video-preview:-1\" \/>\n<link rel=\"canonical\" href=\"https:\/\/apoderma.com\/inicio\/producto\/hidraderm-hyal-serum-30-ml\/\" \/>\n<meta property=\"og:locale\" content=\"es_ES\" \/>\n<meta property=\"og:type\" content=\"article\" \/>\n<meta property=\"og:title\" content=\"Hidraderm Hyal Serum 30 mL - Apo Derma Store\" \/>\n<meta property=\"og:description\" content=\"Hidraderm Hyal Serum 30 mL. Acci\u00f3n intensiva hidratante y antiedad. Para todo tipo de pieles.Disponible en ApoDerma Store.\" \/>\n<meta property=\"og:url\" content=\"https:\/\/apoderma.com\/inicio\/producto\/hidraderm-hyal-serum-30-ml\/\" \/>\n<meta property=\"og:site_name\" content=\"Apo Derma Store\" \/>\n<meta property=\"article:modified_time\" content=\"2025-04-12T22:09:23+00:00\" \/>\n<meta property=\"og:image\" content=\"https:\/\/apoderma.com\/inicio\/wp-content\/uploads\/2020\/09\/hidraderm-hyal-liposomal-serum-face-30ml.png\" \/>\n\t<meta property=\"og:image:width\" content=\"650\" \/>\n\t<meta property=\"og:image:height\" content=\"650\" \/>\n\t<meta property=\"og:image:type\" content=\"image\/png\" \/>\n<meta name=\"twitter:card\" content=\"summary_large_image\" \/>\n<meta name=\"twitter:label1\" content=\"Tiempo de lectura\" \/>\n\t<meta name=\"twitter:data1\" content=\"1 minuto\" \/>\n<script type=\"application\/ld+json\" class=\"yoast-schema-graph\">{\"@context\":\"https:\/\/schema.org\",\"@graph\":[{\"@type\":\"WebPage\",\"@id\":\"https:\/\/apoderma.com\/inicio\/producto\/hidraderm-hyal-serum-30-ml\/\",\"url\":\"https:\/\/apoderma.com\/inicio\/producto\/hidraderm-hyal-serum-30-ml\/\",\"name\":\"Hidraderm Hyal Serum 30 mL - Apo Derma Store\",\"isPartOf\":{\"@id\":\"https:\/\/apoderma.com\/inicio\/#website\"},\"primaryImageOfPage\":{\"@id\":\"https:\/\/apoderma.com\/inicio\/producto\/hidraderm-hyal-serum-30-ml\/#primaryimage\"},\"image\":{\"@id\":\"https:\/\/apoderma.com\/inicio\/producto\/hidraderm-hyal-serum-30-ml\/#primaryimage\"},\"thumbnailUrl\":\"https:\/\/apoderma.com\/inicio\/wp-content\/uploads\/2020\/09\/hidraderm-hyal-liposomal-serum-face-30ml.png\",\"datePublished\":\"2020-09-05T22:12:22+00:00\",\"dateModified\":\"2025-04-12T22:09:23+00:00\",\"description\":\"Hidraderm Hyal Serum 30 mL. Acci\u00f3n intensiva hidratante y antiedad. Para todo tipo de pieles.Disponible en ApoDerma Store.\",\"breadcrumb\":{\"@id\":\"https:\/\/apoderma.com\/inicio\/producto\/hidraderm-hyal-serum-30-ml\/#breadcrumb\"},\"inLanguage\":\"es\",\"potentialAction\":[{\"@type\":\"ReadAction\",\"target\":[\"https:\/\/apoderma.com\/inicio\/producto\/hidraderm-hyal-serum-30-ml\/\"]}]},{\"@type\":\"ImageObject\",\"inLanguage\":\"es\",\"@id\":\"https:\/\/apoderma.com\/inicio\/producto\/hidraderm-hyal-serum-30-ml\/#primaryimage\",\"url\":\"https:\/\/apoderma.com\/inicio\/wp-content\/uploads\/2020\/09\/hidraderm-hyal-liposomal-serum-face-30ml.png\",\"contentUrl\":\"https:\/\/apoderma.com\/inicio\/wp-content\/uploads\/2020\/09\/hidraderm-hyal-liposomal-serum-face-30ml.png\",\"width\":650,\"height\":650,\"caption\":\"Hidraderm hyal\"},{\"@type\":\"BreadcrumbList\",\"@id\":\"https:\/\/apoderma.com\/inicio\/producto\/hidraderm-hyal-serum-30-ml\/#breadcrumb\",\"itemListElement\":[{\"@type\":\"ListItem\",\"position\":1,\"name\":\"Portada\",\"item\":\"https:\/\/apoderma.com\/inicio\/\"},{\"@type\":\"ListItem\",\"position\":2,\"name\":\"Tienda Dermocosm\u00e9tica\",\"item\":\"https:\/\/apoderma.com\/inicio\/tienda-dermocosmetica\/\"},{\"@type\":\"ListItem\",\"position\":3,\"name\":\"Hidraderm Hyal Serum 30 mL\"}]},{\"@type\":\"WebSite\",\"@id\":\"https:\/\/apoderma.com\/inicio\/#website\",\"url\":\"https:\/\/apoderma.com\/inicio\/\",\"name\":\"Apo Derma Store\",\"description\":\"Venta de productos cosm\u00e9ticos\",\"potentialAction\":[{\"@type\":\"SearchAction\",\"target\":{\"@type\":\"EntryPoint\",\"urlTemplate\":\"https:\/\/apoderma.com\/inicio\/?s={search_term_string}\"},\"query-input\":{\"@type\":\"PropertyValueSpecification\",\"valueRequired\":true,\"valueName\":\"search_term_string\"}}],\"inLanguage\":\"es\"}]}<\/script>\n<!-- \/ Yoast SEO plugin. -->","yoast_head_json":{"title":"Hidraderm Hyal Serum 30 mL - Apo Derma Store","description":"Hidraderm Hyal Serum 30 mL. Acci\u00f3n intensiva hidratante y antiedad. Para todo tipo de pieles.Disponible en ApoDerma Store.","robots":{"index":"index","follow":"follow","max-snippet":"max-snippet:-1","max-image-preview":"max-image-preview:large","max-video-preview":"max-video-preview:-1"},"canonical":"https:\/\/apoderma.com\/inicio\/producto\/hidraderm-hyal-serum-30-ml\/","og_locale":"es_ES","og_type":"article","og_title":"Hidraderm Hyal Serum 30 mL - Apo Derma Store","og_description":"Hidraderm Hyal Serum 30 mL. Acci\u00f3n intensiva hidratante y antiedad. Para todo tipo de pieles.Disponible en ApoDerma Store.","og_url":"https:\/\/apoderma.com\/inicio\/producto\/hidraderm-hyal-serum-30-ml\/","og_site_name":"Apo Derma Store","article_modified_time":"2025-04-12T22:09:23+00:00","og_image":[{"width":650,"height":650,"url":"https:\/\/apoderma.com\/inicio\/wp-content\/uploads\/2020\/09\/hidraderm-hyal-liposomal-serum-face-30ml.png","type":"image\/png"}],"twitter_card":"summary_large_image","twitter_misc":{"Tiempo de lectura":"1 minuto"},"schema":{"@context":"https:\/\/schema.org","@graph":[{"@type":"WebPage","@id":"https:\/\/apoderma.com\/inicio\/producto\/hidraderm-hyal-serum-30-ml\/","url":"https:\/\/apoderma.com\/inicio\/producto\/hidraderm-hyal-serum-30-ml\/","name":"Hidraderm Hyal Serum 30 mL - Apo Derma Store","isPartOf":{"@id":"https:\/\/apoderma.com\/inicio\/#website"},"primaryImageOfPage":{"@id":"https:\/\/apoderma.com\/inicio\/producto\/hidraderm-hyal-serum-30-ml\/#primaryimage"},"image":{"@id":"https:\/\/apoderma.com\/inicio\/producto\/hidraderm-hyal-serum-30-ml\/#primaryimage"},"thumbnailUrl":"https:\/\/apoderma.com\/inicio\/wp-content\/uploads\/2020\/09\/hidraderm-hyal-liposomal-serum-face-30ml.png","datePublished":"2020-09-05T22:12:22+00:00","dateModified":"2025-04-12T22:09:23+00:00","description":"Hidraderm Hyal Serum 30 mL. Acci\u00f3n intensiva hidratante y antiedad. Para todo tipo de pieles.Disponible en ApoDerma Store.","breadcrumb":{"@id":"https:\/\/apoderma.com\/inicio\/producto\/hidraderm-hyal-serum-30-ml\/#breadcrumb"},"inLanguage":"es","potentialAction":[{"@type":"ReadAction","target":["https:\/\/apoderma.com\/inicio\/producto\/hidraderm-hyal-serum-30-ml\/"]}]},{"@type":"ImageObject","inLanguage":"es","@id":"https:\/\/apoderma.com\/inicio\/producto\/hidraderm-hyal-serum-30-ml\/#primaryimage","url":"https:\/\/apoderma.com\/inicio\/wp-content\/uploads\/2020\/09\/hidraderm-hyal-liposomal-serum-face-30ml.png","contentUrl":"https:\/\/apoderma.com\/inicio\/wp-content\/uploads\/2020\/09\/hidraderm-hyal-liposomal-serum-face-30ml.png","width":650,"height":650,"caption":"Hidraderm hyal"},{"@type":"BreadcrumbList","@id":"https:\/\/apoderma.com\/inicio\/producto\/hidraderm-hyal-serum-30-ml\/#breadcrumb","itemListElement":[{"@type":"ListItem","position":1,"name":"Portada","item":"https:\/\/apoderma.com\/inicio\/"},{"@type":"ListItem","position":2,"name":"Tienda Dermocosm\u00e9tica","item":"https:\/\/apoderma.com\/inicio\/tienda-dermocosmetica\/"},{"@type":"ListItem","position":3,"name":"Hidraderm Hyal Serum 30 mL"}]},{"@type":"WebSite","@id":"https:\/\/apoderma.com\/inicio\/#website","url":"https:\/\/apoderma.com\/inicio\/","name":"Apo Derma Store","description":"Venta de productos cosm\u00e9ticos","potentialAction":[{"@type":"SearchAction","target":{"@type":"EntryPoint","urlTemplate":"https:\/\/apoderma.com\/inicio\/?s={search_term_string}"},"query-input":{"@type":"PropertyValueSpecification","valueRequired":true,"valueName":"search_term_string"}}],"inLanguage":"es"}]}},"_links":{"self":[{"href":"https:\/\/apoderma.com\/inicio\/wp-json\/wp\/v2\/product\/17994","targetHints":{"allow":["GET"]}}],"collection":[{"href":"https:\/\/apoderma.com\/inicio\/wp-json\/wp\/v2\/product"}],"about":[{"href":"https:\/\/apoderma.com\/inicio\/wp-json\/wp\/v2\/types\/product"}],"wp:featuredmedia":[{"embeddable":true,"href":"https:\/\/apoderma.com\/inicio\/wp-json\/wp\/v2\/media\/17995"}],"wp:attachment":[{"href":"https:\/\/apoderma.com\/inicio\/wp-json\/wp\/v2\/media?parent=17994"}],"wp:term":[{"taxonomy":"product_cat","embeddable":true,"href":"https:\/\/apoderma.com\/inicio\/wp-json\/wp\/v2\/product_cat?post=17994"},{"taxonomy":"product_tag","embeddable":true,"href":"https:\/\/apoderma.com\/inicio\/wp-json\/wp\/v2\/product_tag?post=17994"}],"curies":[{"name":"wp","href":"https:\/\/api.w.org\/{rel}","templated":true}]}}