{"id":16726,"date":"2020-08-07T20:25:01","date_gmt":"2020-08-08T02:25:01","guid":{"rendered":"https:\/\/apoderma.com\/inicio\/?post_type=product&#038;p=16726"},"modified":"2025-11-18T15:59:22","modified_gmt":"2025-11-18T21:59:22","slug":"crema-hidratante-matificante-stop-akn-50-ml","status":"publish","type":"product","link":"https:\/\/apoderma.com\/inicio\/producto\/crema-hidratante-matificante-stop-akn-50-ml\/","title":{"rendered":"Crema Hidratante Matificante STOP AKN 50 mL"},"content":{"rendered":"<h3>Especificaciones<\/h3>\n<ul>\n<li><a href=\"https:\/\/laboratoriosbabe.com\/\">Crema hidratante matificante STOP AKN<\/a> de Babe es una crema facual ultraligera de r\u00e1pida absorci\u00f3n.<\/li>\n<li>Es una crema que hidrata y a la vez regula la secreci\u00f3n de sebo y reduce los brillos faciales, por lo que est\u00e1 recomendada para piles grasas o con acne.<\/li>\n<li>Hidrata sin engrasar la piel.<\/li>\n<li>Controla la bacteria causante del acn\u00e9 gracias a su acci\u00f3n antibi\u00f3tica<\/li>\n<li>Deja la piel con un acabado mate y sin brillos, por lo que puede ser usada d\u00eda y noche.<\/li>\n<li>Hidratante matificante apta para todo tipo de piel. Especialmente indicado para piel mixta-grasa, grasa o con tendencia acneica.<\/li>\n<li>La crema Hidratante Matificante tiene una textura ultraligera de r\u00e1pida absorci\u00f3n que hidrata a la vez que regula la producci\u00f3n de grasa y reduce los brillos faciales<\/li>\n<li>Acci\u00f3n seborreguladora, queratol\u00edtica y cicatrizante. Acabado mate y sin brillos.<\/li>\n<li>Regenera y calma la piel. R\u00e1pida absorci\u00f3n. No comedog\u00e9nico.<\/li>\n<li>No fotosensibilizante<\/li>\n<li>Testado dermat\u00f3logica y oftalmol\u00f3gicamente<\/li>\n<\/ul>\n<h3>Composici\u00f3n:<\/h3>\n<ul>\n<li>F\u00f3rmula enriquecida con Niacinamida al 4% una forma de Vitamina B3, que hidrata a la vez que \u00a0favorece la acci\u00f3n antibi\u00f3tica frente a la bacteria causante del acn\u00e9.<\/li>\n<li>Con activos regeneradores y calmantes.<\/li>\n<li>Contiene \u00c1cido salic\u00edlico con\u00a0propiedades reguladora de la secreci\u00f3n de sebo, queratol\u00edticas y cicatrizantes.<\/li>\n<\/ul>\n<h3>Modo de uso:<\/h3>\n<ol>\n<li>Uso diario en la ma\u00f1ana y la noche.<\/li>\n<li>Aplicar sobre el rostro limpio y seco y masajear suavemente hasta su total absorci\u00f3n.<\/li>\n<li>Como tratamiento previo recomendamos la limpieza con el <a href=\"https:\/\/apoderma.com\/inicio\/producto\/stop-akn-limpiador-purificante-200-ml\/\">Gel Purificante STOP AKN<\/a><\/li>\n<\/ol>\n","protected":false},"excerpt":{"rendered":"<p>Crema Hidratante matificante Hidrataci\u00f3n diaria de las pieles grasas o con tendencia acneica. Regula la&hellip;<\/p>\n","protected":false},"featured_media":39234,"template":"","meta":{"_glsr_average":0,"_glsr_ranking":0,"_glsr_reviews":0},"product_cat":[91,95,89],"product_tag":[343,118,123,115],"class_list":{"0":"post-16726","1":"product","2":"type-product","3":"status-publish","4":"has-post-thumbnail","6":"product_brand-babe","7":"product_cat-hidratacion","8":"product_cat-piel-grasa","9":"product_cat-rostro","10":"product_tag-crema","11":"product_tag-hidratacion","12":"product_tag-piel-grasa","13":"product_tag-rostro","15":"first","16":"instock","17":"taxable","18":"shipping-taxable","19":"purchasable","20":"product-type-simple","21":"thumb-no-effect","22":"prod-rating-on"},"yoast_head":"<!-- This site is optimized with the Yoast SEO plugin v25.3.1 - https:\/\/yoast.com\/wordpress\/plugins\/seo\/ -->\n<title>Crema Hidratante Matificante STOP AKN 50 mL - Apo Derma Store<\/title>\n<meta name=\"description\" content=\"Crema hidratante matificante STOP AKN de Laboratorios Babe para el cuidado de la piel grasa. Disponible en ApoDerma Store.\" \/>\n<meta name=\"robots\" content=\"index, follow, max-snippet:-1, max-image-preview:large, max-video-preview:-1\" \/>\n<link rel=\"canonical\" href=\"https:\/\/apoderma.com\/inicio\/producto\/crema-hidratante-matificante-stop-akn-50-ml\/\" \/>\n<meta property=\"og:locale\" content=\"es_ES\" \/>\n<meta property=\"og:type\" content=\"article\" \/>\n<meta property=\"og:title\" content=\"Crema Hidratante Matificante STOP AKN 50 mL - Apo Derma Store\" \/>\n<meta property=\"og:description\" content=\"Crema hidratante matificante STOP AKN de Laboratorios Babe para el cuidado de la piel grasa. Disponible en ApoDerma Store.\" \/>\n<meta property=\"og:url\" content=\"https:\/\/apoderma.com\/inicio\/producto\/crema-hidratante-matificante-stop-akn-50-ml\/\" \/>\n<meta property=\"og:site_name\" content=\"Apo Derma Store\" \/>\n<meta property=\"article:modified_time\" content=\"2025-11-18T21:59:22+00:00\" \/>\n<meta property=\"og:image\" content=\"https:\/\/apoderma.com\/inicio\/wp-content\/uploads\/2020\/08\/hidratante_matificante_50.png\" \/>\n\t<meta property=\"og:image:width\" content=\"700\" \/>\n\t<meta property=\"og:image:height\" content=\"700\" \/>\n\t<meta property=\"og:image:type\" content=\"image\/png\" \/>\n<meta name=\"twitter:card\" content=\"summary_large_image\" \/>\n<meta name=\"twitter:label1\" content=\"Tiempo de lectura\" \/>\n\t<meta name=\"twitter:data1\" content=\"2 minutos\" \/>\n<script type=\"application\/ld+json\" class=\"yoast-schema-graph\">{\"@context\":\"https:\/\/schema.org\",\"@graph\":[{\"@type\":\"WebPage\",\"@id\":\"https:\/\/apoderma.com\/inicio\/producto\/crema-hidratante-matificante-stop-akn-50-ml\/\",\"url\":\"https:\/\/apoderma.com\/inicio\/producto\/crema-hidratante-matificante-stop-akn-50-ml\/\",\"name\":\"Crema Hidratante Matificante STOP AKN 50 mL - Apo Derma Store\",\"isPartOf\":{\"@id\":\"https:\/\/apoderma.com\/inicio\/#website\"},\"primaryImageOfPage\":{\"@id\":\"https:\/\/apoderma.com\/inicio\/producto\/crema-hidratante-matificante-stop-akn-50-ml\/#primaryimage\"},\"image\":{\"@id\":\"https:\/\/apoderma.com\/inicio\/producto\/crema-hidratante-matificante-stop-akn-50-ml\/#primaryimage\"},\"thumbnailUrl\":\"https:\/\/apoderma.com\/inicio\/wp-content\/uploads\/2020\/08\/hidratante_matificante_50.png\",\"datePublished\":\"2020-08-08T02:25:01+00:00\",\"dateModified\":\"2025-11-18T21:59:22+00:00\",\"description\":\"Crema hidratante matificante STOP AKN de Laboratorios Babe para el cuidado de la piel grasa. Disponible en ApoDerma Store.\",\"breadcrumb\":{\"@id\":\"https:\/\/apoderma.com\/inicio\/producto\/crema-hidratante-matificante-stop-akn-50-ml\/#breadcrumb\"},\"inLanguage\":\"es\",\"potentialAction\":[{\"@type\":\"ReadAction\",\"target\":[\"https:\/\/apoderma.com\/inicio\/producto\/crema-hidratante-matificante-stop-akn-50-ml\/\"]}]},{\"@type\":\"ImageObject\",\"inLanguage\":\"es\",\"@id\":\"https:\/\/apoderma.com\/inicio\/producto\/crema-hidratante-matificante-stop-akn-50-ml\/#primaryimage\",\"url\":\"https:\/\/apoderma.com\/inicio\/wp-content\/uploads\/2020\/08\/hidratante_matificante_50.png\",\"contentUrl\":\"https:\/\/apoderma.com\/inicio\/wp-content\/uploads\/2020\/08\/hidratante_matificante_50.png\",\"width\":700,\"height\":700,\"caption\":\"HIDRATANTE MATIFICANTE STOP AKN\"},{\"@type\":\"BreadcrumbList\",\"@id\":\"https:\/\/apoderma.com\/inicio\/producto\/crema-hidratante-matificante-stop-akn-50-ml\/#breadcrumb\",\"itemListElement\":[{\"@type\":\"ListItem\",\"position\":1,\"name\":\"Portada\",\"item\":\"https:\/\/apoderma.com\/inicio\/\"},{\"@type\":\"ListItem\",\"position\":2,\"name\":\"Tienda Dermocosm\u00e9tica\",\"item\":\"https:\/\/apoderma.com\/inicio\/tienda-dermocosmetica\/\"},{\"@type\":\"ListItem\",\"position\":3,\"name\":\"Crema Hidratante Matificante STOP AKN 50 mL\"}]},{\"@type\":\"WebSite\",\"@id\":\"https:\/\/apoderma.com\/inicio\/#website\",\"url\":\"https:\/\/apoderma.com\/inicio\/\",\"name\":\"Apo Derma Store\",\"description\":\"Venta de productos cosm\u00e9ticos\",\"potentialAction\":[{\"@type\":\"SearchAction\",\"target\":{\"@type\":\"EntryPoint\",\"urlTemplate\":\"https:\/\/apoderma.com\/inicio\/?s={search_term_string}\"},\"query-input\":{\"@type\":\"PropertyValueSpecification\",\"valueRequired\":true,\"valueName\":\"search_term_string\"}}],\"inLanguage\":\"es\"}]}<\/script>\n<!-- \/ Yoast SEO plugin. -->","yoast_head_json":{"title":"Crema Hidratante Matificante STOP AKN 50 mL - Apo Derma Store","description":"Crema hidratante matificante STOP AKN de Laboratorios Babe para el cuidado de la piel grasa. Disponible en ApoDerma Store.","robots":{"index":"index","follow":"follow","max-snippet":"max-snippet:-1","max-image-preview":"max-image-preview:large","max-video-preview":"max-video-preview:-1"},"canonical":"https:\/\/apoderma.com\/inicio\/producto\/crema-hidratante-matificante-stop-akn-50-ml\/","og_locale":"es_ES","og_type":"article","og_title":"Crema Hidratante Matificante STOP AKN 50 mL - Apo Derma Store","og_description":"Crema hidratante matificante STOP AKN de Laboratorios Babe para el cuidado de la piel grasa. Disponible en ApoDerma Store.","og_url":"https:\/\/apoderma.com\/inicio\/producto\/crema-hidratante-matificante-stop-akn-50-ml\/","og_site_name":"Apo Derma Store","article_modified_time":"2025-11-18T21:59:22+00:00","og_image":[{"width":700,"height":700,"url":"https:\/\/apoderma.com\/inicio\/wp-content\/uploads\/2020\/08\/hidratante_matificante_50.png","type":"image\/png"}],"twitter_card":"summary_large_image","twitter_misc":{"Tiempo de lectura":"2 minutos"},"schema":{"@context":"https:\/\/schema.org","@graph":[{"@type":"WebPage","@id":"https:\/\/apoderma.com\/inicio\/producto\/crema-hidratante-matificante-stop-akn-50-ml\/","url":"https:\/\/apoderma.com\/inicio\/producto\/crema-hidratante-matificante-stop-akn-50-ml\/","name":"Crema Hidratante Matificante STOP AKN 50 mL - Apo Derma Store","isPartOf":{"@id":"https:\/\/apoderma.com\/inicio\/#website"},"primaryImageOfPage":{"@id":"https:\/\/apoderma.com\/inicio\/producto\/crema-hidratante-matificante-stop-akn-50-ml\/#primaryimage"},"image":{"@id":"https:\/\/apoderma.com\/inicio\/producto\/crema-hidratante-matificante-stop-akn-50-ml\/#primaryimage"},"thumbnailUrl":"https:\/\/apoderma.com\/inicio\/wp-content\/uploads\/2020\/08\/hidratante_matificante_50.png","datePublished":"2020-08-08T02:25:01+00:00","dateModified":"2025-11-18T21:59:22+00:00","description":"Crema hidratante matificante STOP AKN de Laboratorios Babe para el cuidado de la piel grasa. Disponible en ApoDerma Store.","breadcrumb":{"@id":"https:\/\/apoderma.com\/inicio\/producto\/crema-hidratante-matificante-stop-akn-50-ml\/#breadcrumb"},"inLanguage":"es","potentialAction":[{"@type":"ReadAction","target":["https:\/\/apoderma.com\/inicio\/producto\/crema-hidratante-matificante-stop-akn-50-ml\/"]}]},{"@type":"ImageObject","inLanguage":"es","@id":"https:\/\/apoderma.com\/inicio\/producto\/crema-hidratante-matificante-stop-akn-50-ml\/#primaryimage","url":"https:\/\/apoderma.com\/inicio\/wp-content\/uploads\/2020\/08\/hidratante_matificante_50.png","contentUrl":"https:\/\/apoderma.com\/inicio\/wp-content\/uploads\/2020\/08\/hidratante_matificante_50.png","width":700,"height":700,"caption":"HIDRATANTE MATIFICANTE STOP AKN"},{"@type":"BreadcrumbList","@id":"https:\/\/apoderma.com\/inicio\/producto\/crema-hidratante-matificante-stop-akn-50-ml\/#breadcrumb","itemListElement":[{"@type":"ListItem","position":1,"name":"Portada","item":"https:\/\/apoderma.com\/inicio\/"},{"@type":"ListItem","position":2,"name":"Tienda Dermocosm\u00e9tica","item":"https:\/\/apoderma.com\/inicio\/tienda-dermocosmetica\/"},{"@type":"ListItem","position":3,"name":"Crema Hidratante Matificante STOP AKN 50 mL"}]},{"@type":"WebSite","@id":"https:\/\/apoderma.com\/inicio\/#website","url":"https:\/\/apoderma.com\/inicio\/","name":"Apo Derma Store","description":"Venta de productos cosm\u00e9ticos","potentialAction":[{"@type":"SearchAction","target":{"@type":"EntryPoint","urlTemplate":"https:\/\/apoderma.com\/inicio\/?s={search_term_string}"},"query-input":{"@type":"PropertyValueSpecification","valueRequired":true,"valueName":"search_term_string"}}],"inLanguage":"es"}]}},"_links":{"self":[{"href":"https:\/\/apoderma.com\/inicio\/wp-json\/wp\/v2\/product\/16726","targetHints":{"allow":["GET"]}}],"collection":[{"href":"https:\/\/apoderma.com\/inicio\/wp-json\/wp\/v2\/product"}],"about":[{"href":"https:\/\/apoderma.com\/inicio\/wp-json\/wp\/v2\/types\/product"}],"wp:featuredmedia":[{"embeddable":true,"href":"https:\/\/apoderma.com\/inicio\/wp-json\/wp\/v2\/media\/39234"}],"wp:attachment":[{"href":"https:\/\/apoderma.com\/inicio\/wp-json\/wp\/v2\/media?parent=16726"}],"wp:term":[{"taxonomy":"product_cat","embeddable":true,"href":"https:\/\/apoderma.com\/inicio\/wp-json\/wp\/v2\/product_cat?post=16726"},{"taxonomy":"product_tag","embeddable":true,"href":"https:\/\/apoderma.com\/inicio\/wp-json\/wp\/v2\/product_tag?post=16726"}],"curies":[{"name":"wp","href":"https:\/\/api.w.org\/{rel}","templated":true}]}}