{"id":4242,"date":"2018-01-30T02:48:51","date_gmt":"2018-01-30T02:48:51","guid":{"rendered":"http:\/\/localhost\/wp\/vayne\/?page_id=4242"},"modified":"2025-04-02T17:51:17","modified_gmt":"2025-04-02T23:51:17","slug":"quienes-somos","status":"publish","type":"page","link":"https:\/\/apoderma.com\/inicio\/quienes-somos\/","title":{"rendered":"Sobre APODERMA"},"content":{"rendered":"<div class=\"wpb-content-wrapper\"><p>[vc_row equal_height=\u00bbyes\u00bb content_placement=\u00bbtop\u00bb][vc_column width=\u00bb1\/2&#8243; css=\u00bb.vc_custom_1517286830622{padding-right: 15px !important;padding-left: 15px !important;}\u00bb]<div id=\"la_divider69df54f19a4c1\" class=\"js-el la-divider la-unit-responsive\" data-la_component=\"UnitResponsive\"  data-el_target='#la_divider69df54f19a4c1'  data-el_media_sizes='{&quot;padding-top&quot;:&quot;lg:55px;sm:40px;mb:25px;&quot;}' ><\/div>\n<div id=\"la_heading_69df54f19a928\" class=\"la-headings text-left max-width-670 block-center\"><h2 class=\"js-el heading-tag la-unit-responsive\" style=\"color:#343538;font-family:Playfair Display;font-weight:400;font-style:normal\"  data-la_component=\"UnitResponsive\"  data-el_target='#la_heading_69df54f19a928 .heading-tag'  data-el_media_sizes='{&quot;font-size&quot;:&quot;lg:48px;sm:36px;&quot;,&quot;line-height&quot;:&quot;&quot;}' >ApoDerma<\/h2><div class=\"js-el subheading-tag la-unit-responsive\" style=\"font-family:Playfair Display;font-weight:400;font-style:italic\" ><p>Nuestra experiencia al servicio de tu piel<\/p>\n<\/div><\/div>\n<div id=\"la_divider69df54f19b16c\" class=\"js-el la-divider la-unit-responsive\" data-la_component=\"UnitResponsive\"  data-el_target='#la_divider69df54f19b16c'  data-el_media_sizes='{&quot;padding-top&quot;:&quot;lg:55px;sm:40px;mb:25px;&quot;}' ><\/div>\n<div class=\"wpb_content_element la-timeline-wrap clearfix style-2 max-width-670 block-center\">\n    <div class=\"timeline-line\"><span><\/span><\/div>\n    <div class=\"timeline-wrapper\">\n        <div class=\"timeline-block max-width-400\" data-animation-class=\"\">\n    <div class=\"timeline-dot\"><\/div>\n    <div class=\"timeline-arrow\"><\/div>\n    <div class=\"timeline-content-wrapper\">\n        <div class=\"timeline-content\">\n                        <h3 class=\"timeline-title\"><\/h3>\n            <div class=\"timeline-entry\">\n<h4><span style=\"color: #60268b;\">\u00bfQui\u00e9nes somos?<\/span><\/h4>\n<p><span style=\"color: #60268b;\"><b>ApoDerma <\/b><\/span>es una empresa costarricense especializada en la oferta de productos y servicios para el cuidado de la piel espec\u00edficamente en el segmento de Dermocosm\u00e9tica.<\/div>\n                                <\/div>\n    <\/div>\n<\/div><div class=\"timeline-block max-width-400\" data-animation-class=\"\">\n    <div class=\"timeline-dot\"><\/div>\n    <div class=\"timeline-arrow\"><\/div>\n    <div class=\"timeline-content-wrapper\">\n        <div class=\"timeline-content\">\n                        <h3 class=\"timeline-title\"><\/h3>\n            <div class=\"timeline-entry\">\n<h4><span style=\"color: #60268b;\">Nuestro origen<\/span><\/h4>\n<p>Fundada en el a\u00f1o 2019 por la <a href=\"https:\/\/www.linkedin.com\/in\/cristina-prado-farmaceutica\/\"><span style=\"color: #800080;\"><strong><span style=\"color: #60268b;\">Dra. Cristina Prado<\/span><\/strong><\/span><\/a>, Farmac\u00e9utica, quien luego de veinte a\u00f1os de trabajar en la industria farmac\u00e9utica y cosm\u00e9tica en \u00e1reas de calidad, cumplimiento e innovaci\u00f3n, decide poner su conocimiento y experiencia <span style=\"color: #60268b;\"><strong>al servicio del cuidado de la piel<\/strong>.<\/span><\/p>\n<p>En el 2019 sali\u00f3 al mercado como <span style=\"color: #60268b;\"><strong>ApoDerma Store, <\/strong><\/span>\u00a0una tienda en l\u00ednea especializada en cuidado de la piel que combina eCommerce con eHealth para la atenci\u00f3n de consultas online y venta directa de productos dermocosm\u00e9ticos en Costa Rica a trav\u00e9s del sitio web <span style=\"color: #60268b;\"><strong><a style=\"color: #60268b;\" href=\"https:\/\/apoderma.com\/inicio\/quienes-somos\/\">www.apoderma.com<\/a><\/strong><\/span><\/p>\n<p>En 2020 se forma la divisi\u00f3n <strong><span style=\"color: #60268b;\">ApoDerma Labs,<\/span><\/strong> dedicada a la investigaci\u00f3n y desarrollo en Dermocosm\u00e9tica para la comercializaci\u00f3n de productos de marca propia.<\/p>\n<p>Para el 2024, <span style=\"color: #60268b;\"><b>ApoDerma <\/b><\/span>lanza al mercado su propia gama de productos bajo la marca <span style=\"color: #60268b;\"><strong><a style=\"color: #60268b;\" href=\"https:\/\/apoderma.com\/inicio\/avocari\/\">AVOCARI<\/a><\/strong>\u00ae<\/span> especialmente dise\u00f1ada para la protecci\u00f3n de la funci\u00f3n barrera de la piel ante factores externos.<\/div>\n                                <\/div>\n    <\/div>\n<\/div><div class=\"timeline-block max-width-400\" data-animation-class=\"\">\n    <div class=\"timeline-dot\"><\/div>\n    <div class=\"timeline-arrow\"><\/div>\n    <div class=\"timeline-content-wrapper\">\n        <div class=\"timeline-content\">\n                        <h3 class=\"timeline-title\"><\/h3>\n            <div class=\"timeline-entry\">\n<h4><span style=\"color: #60268b;\">Nuestra experiencia al servicio de la piel<\/span><\/h4>\n<p>Esta es la <span style=\"color: #60268b;\"><strong>Misi\u00f3n <\/strong><\/span>por la que nos esforzamos cada d\u00eda.<\/div>\n                                <\/div>\n    <\/div>\n<\/div><div class=\"timeline-block max-width-400\" data-animation-class=\"\">\n    <div class=\"timeline-dot\"><\/div>\n    <div class=\"timeline-arrow\"><\/div>\n    <div class=\"timeline-content-wrapper\">\n        <div class=\"timeline-content\">\n                        <h3 class=\"timeline-title\"><\/h3>\n            <div class=\"timeline-entry\">\n<h4><span style=\"color: #60268b;\">Una visi\u00f3n que marca el camino<\/span><\/h4>\n<p>Ser una empresa especializada en la salud de la piel referente en Costa Rica que brinde servicios y productos que <strong><span style=\"color: #60268b;\">satisfagan<\/span> <\/strong>las <strong><span style=\"color: #60268b;\">necesidades<\/span>\u00a0<\/strong>respecto al cuidado de la piel, de forma <strong><span style=\"color: #60268b;\">segura<\/span>\u00a0<\/strong>para los usuarios y <strong><span style=\"color: #60268b;\">respetando el ambiente <\/span><\/strong>y<strong><span style=\"color: #60268b;\"> la sociedad<\/span><\/strong>.<\/div>\n                                <\/div>\n    <\/div>\n<\/div><div class=\"timeline-block max-width-400\" data-animation-class=\"\">\n    <div class=\"timeline-dot\"><\/div>\n    <div class=\"timeline-arrow\"><\/div>\n    <div class=\"timeline-content-wrapper\">\n        <div class=\"timeline-content\">\n                        <h3 class=\"timeline-title\"><\/h3>\n            <div class=\"timeline-entry\">\n<h4><span style=\"color: #60268b;\">Pol\u00edtica integrada de gesti\u00f3n<\/span><\/h4>\n<p><strong><span style=\"color: #60268b;\">Compromiso con la sostenibilidad econ\u00f3mica, social y ambiental:<\/span><\/strong><\/p>\n<ol>\n<li>Buscamos <strong><span style=\"color: #60268b;\">garantizar acceso<\/span>\u00a0<\/strong>a productos de calidad y atenci\u00f3n profesional desde cualquier parte de Costa Rica donde exista una necesidad de cuidado de la piel<strong>\u00a0<span style=\"color: #60268b;\">sin desplazamientos<\/span><\/strong>,\u00a0de forma\u00a0<span style=\"color: #60268b;\"><strong>\u00e1gil y segura.<\/strong><\/span><\/li>\n<li>Gestionamos nuestros <span style=\"color: #60268b;\"><strong>procesos<\/strong> <\/span>alineados a objetivos de<span style=\"color: #60268b;\"> <strong>desarrollo<\/strong> <strong>sostenible.<\/strong><\/span><\/li>\n<li>Fomentamos la <span style=\"color: #60268b;\"><strong>mejora<\/strong> <\/span>de la condici\u00f3n <span style=\"color: #60268b;\"><strong>socioecon\u00f3mica<\/strong> <\/span>de las personas mediante la generaci\u00f3n de empleo en la regi\u00f3n en la que tenemos influencia.<\/li>\n<\/ol>\n<p><span style=\"color: #60268b;\"><strong>Compromiso con la calidad:<\/strong><\/span><\/p>\n<ol>\n<li>Gestionamos la <span style=\"color: #60268b;\"><strong>calidad<\/strong><\/span> a trav\u00e9s de todas las etapas de la <span style=\"color: #60268b;\"><strong>cadena de valor<\/strong><\/span> y del ciclo de vida del <span style=\"color: #60268b;\"><strong>producto<\/strong><\/span>.<\/li>\n<li>Seleccionamos cuidadosamente a nuestros <span style=\"color: #60268b;\"><strong>proveedores<\/strong> <\/span>para asegurar que sean fabricantes de <strong><span style=\"color: #60268b;\">productos seguros y efectivos<\/span>,<\/strong>\u00a0fabricados en\u00a0cumplimientos con\u00a0<strong><span style=\"color: #60268b;\">est\u00e1ndares internacionales\u00a0<\/span><\/strong>para esta industria.<\/li>\n<\/ol>\n<p>Los siguientes son nuestros objetivos de desarrollo sostenibles:<\/p>\n<ol>\n<li><span style=\"color: #60268b;\"><strong>ODS 3.8<\/strong>: <\/span><strong><span style=\"color: #60268b;\">Salud y Bienestar<\/span>: <\/strong>Brindar acceso a un servicio especializado en salud de la piel, sin barreras geogr\u00e1ficas ni socioecon\u00f3micas<\/li>\n<li><span style=\"color: #60268b;\"><strong>ODS 12\u00a0Producci\u00f3n y consumos responsable<\/strong><\/span>: Promover proyectos de bioeconom\u00eda para el dise\u00f1o y desarrollo de productos Dermocosm\u00e9ticos.<\/li>\n<li><span style=\"color: #60268b;\"><strong>ODS 15<\/strong>\u00a0<strong>Vida de ecosistemas terrestres<\/strong><\/span>: Destinar el\u00a0 10% de las ventas de la gama de marca propia para mantener y conservar la zona boscosa de nuestra unidad productiva.<\/li>\n<\/ol>\n<p><\/div>\n                                <\/div>\n    <\/div>\n<\/div><div class=\"timeline-block max-width-400\" data-animation-class=\"\">\n    <div class=\"timeline-dot\"><\/div>\n    <div class=\"timeline-arrow\"><\/div>\n    <div class=\"timeline-content-wrapper\">\n        <div class=\"timeline-content\">\n                        <h3 class=\"timeline-title\"><\/h3>\n            <div class=\"timeline-entry\">\n<h4><span style=\"color: #60268b;\">Servicio de cuidado de la piel accesible, \u00e1gil y seguro<\/span><\/h4>\n<p>Buscamos <span style=\"color: #60268b;\"><strong>garantizar acceso <\/strong><\/span><span style=\"color: #000000;\">a los productos de calidad y atenci\u00f3n profesional desde cualquier parte de Costa Rica<\/span> donde exista una necesidad de cuidado de la pie<span style=\"color: #000000;\">l<span style=\"color: #60268b;\"><strong> sin desplazamientos<\/strong><\/span>,<\/span> <span style=\"color: #000000;\">de forma <\/span><span style=\"color: #60268b;\"><strong>\u00e1gil y segura.<\/strong><\/span><\/p>\n<p>Usamos la pasarela de pagos del <span style=\"color: #60268b;\"><strong>Banco Nacional de Costa Rica<\/strong><\/span>, entidad bancaria <span style=\"color: #800080;\"><span style=\"color: #000000;\">certificada\u00a0en los programas<\/span> <span style=\"color: #60268b;\"><strong>Verified by Visa y Mastercard SecureCode<\/strong><\/span><\/span>, lo cual permite el procesamiento de transacciones seguras y con el respaldo de las marcas internacionales.<\/p>\n<p>Adem\u00e1s, estos programas est\u00e1n basados en el <span style=\"color: #60268b;\"><strong>protocolo 3-D Secure<\/strong><\/span>, que es una tecnolog\u00eda que reduce el riesgo de fraude y contracargos a los comercios afiliados. Esto permite autenticar y autorizar las transacciones en tiempo real<\/p>\n<p>Nuestra tienda cuenta con <span style=\"color: #60268b;\"><strong>Certificado de seguridad para el sitio web (SSL)<\/strong><\/span>, para asegurar <span style=\"color: #60268b;\"><strong>acceso seguro al sitio <\/strong><\/span>lo cual identificar\u00e1s con el <span style=\"color: #60268b;\"><strong>https:\/\/<\/strong><\/span><\/p>\n<p>Para Costa Rica realizamos los env\u00edos a trav\u00e9s de <span style=\"color: #60268b;\"><strong>Correos de Costa Rica,<\/strong><\/span>\u00a0por su experiencia en las <span style=\"color: #60268b;\"><strong>entregas de productos sanitarios. <\/strong><\/span>De esta forma logramos llegar con nuestras entregas a todo el territorio costarricense.<\/p>\n<p>Nos encontramos en la b\u00fasqueda de la internacionalizaci\u00f3n de nuestros servicios y productos, por lo que pronto ofreceremos env\u00edos fuera de Costa Rica.<\/div>\n                                <\/div>\n    <\/div>\n<\/div><div class=\"timeline-block max-width-400\" data-animation-class=\"\">\n    <div class=\"timeline-dot\"><\/div>\n    <div class=\"timeline-arrow\"><\/div>\n    <div class=\"timeline-content-wrapper\">\n        <div class=\"timeline-content\">\n                        <h3 class=\"timeline-title\"><\/h3>\n            <div class=\"timeline-entry\">\n<h4><span style=\"color: #60268b;\">\u00bfNecesitas contactarnos?<\/span><\/h4>\n<p>Ya sea que necesites un <strong><span style=\"color: #60268b;\">Protocolo Dermocosm\u00e9tico<\/span><\/strong> de acuerdo con tu necesidad o est\u00e9s interesado en adquirir alguno de nuestros productos, puedes realizar tus consultas mediante email o WhatsApp.<\/p>\n<p><a href=\"mailto:consultas@apoderma.com\"><span style=\"color: #60268b;\"><strong>email:<\/strong><\/span> consultas@apoderma.com<\/a><\/p>\n<p><a href=\"https:\/\/wa.link\/1x5c1d\"><span style=\"color: #60268b;\"><strong>WhatsApp<\/strong><\/span> <\/a>marca el <a href=\"https:\/\/wa.link\/1x5c1d\">(506) 83946859<\/a> en un horario de 08:00 am a 05:00 pm de Lunes a Domingo hora de Costa Rica (UTC-6)<\/div>\n                                <\/div>\n    <\/div>\n<\/div>    <\/div>\n<\/div>\n<div id=\"la_divider69df54f19bb09\" class=\"js-el la-divider la-unit-responsive\" data-la_component=\"UnitResponsive\"  data-el_target='#la_divider69df54f19bb09'  data-el_media_sizes='{&quot;padding-top&quot;:&quot;lg:55px;sm:40px;mb:25px;&quot;}' ><\/div>\n[\/vc_column][vc_column width=\u00bb1\/2&#8243;]<div id=\"la_banner_box_69df54f19d003\" class=\"wpb_content_element la-banner-box banner-type-hover_effect margin-bottom-0\" data-animation-class=\"\">\n    <div class=\"box-inner\">\n        <div class=\"banner--image\"><img loading=\"lazy\" decoding=\"async\" width=\"800\" height=\"800\" src=\"https:\/\/apoderma.com\/inicio\/wp-content\/uploads\/2022\/04\/Blog.jpg\" class=\"attachment-full size-full\" alt=\"Dra. Cristina Prado ApoDerma\" srcset=\"https:\/\/apoderma.com\/inicio\/wp-content\/uploads\/2022\/04\/Blog.jpg 800w, https:\/\/apoderma.com\/inicio\/wp-content\/uploads\/2022\/04\/Blog-300x300.jpg 300w, https:\/\/apoderma.com\/inicio\/wp-content\/uploads\/2022\/04\/Blog-600x600.jpg 600w, https:\/\/apoderma.com\/inicio\/wp-content\/uploads\/2022\/04\/Blog-100x100.jpg 100w, https:\/\/apoderma.com\/inicio\/wp-content\/uploads\/2022\/04\/Blog-40x40.jpg 40w\" sizes=\"auto, (max-width: 800px) 100vw, 800px\" \/><span class=\"item--overlay\"><\/span><\/div>\n        <div class=\"banner--info\"><\/div>\n                    <div class=\"banner--link-overlay\"><\/div>\n            <\/div>\n<\/div>\n[\/vc_column][\/vc_row]<\/p>\n<\/div>","protected":false},"excerpt":{"rendered":"<p>[vc_row equal_height=\u00bbyes\u00bb content_placement=\u00bbtop\u00bb][vc_column width=\u00bb1\/2&#8243; css=\u00bb.vc_custom_1517286830622{padding-right: 15px !important;padding-left: 15px !important;}\u00bb][\/vc_column][vc_column width=\u00bb1\/2&#8243;][\/vc_column][\/vc_row]<\/p>\n","protected":false},"author":1,"featured_media":0,"parent":0,"menu_order":0,"comment_status":"closed","ping_status":"closed","template":"","meta":{"_glsr_average":0,"_glsr_ranking":0,"_glsr_reviews":0,"footnotes":""},"class_list":["post-4242","page","type-page","status-publish","hentry"],"yoast_head":"<!-- This site is optimized with the Yoast SEO plugin v25.3.1 - https:\/\/yoast.com\/wordpress\/plugins\/seo\/ -->\n<title>Sobre APODERMA - Apo Derma Store<\/title>\n<meta name=\"description\" content=\"Somos una empresa costarricense especializada en el cuidado de la piel mediante una oferta de productos y servicios en dermocosm\u00e9tica.\" \/>\n<meta name=\"robots\" content=\"index, follow, max-snippet:-1, max-image-preview:large, max-video-preview:-1\" \/>\n<link rel=\"canonical\" href=\"https:\/\/apoderma.com\/inicio\/quienes-somos\/\" \/>\n<meta property=\"og:locale\" content=\"es_ES\" \/>\n<meta property=\"og:type\" content=\"article\" \/>\n<meta property=\"og:title\" content=\"Sobre APODERMA - Apo Derma Store\" \/>\n<meta property=\"og:description\" content=\"Somos una empresa costarricense especializada en el cuidado de la piel mediante una oferta de productos y servicios en dermocosm\u00e9tica.\" \/>\n<meta property=\"og:url\" content=\"https:\/\/apoderma.com\/inicio\/quienes-somos\/\" \/>\n<meta property=\"og:site_name\" content=\"Apo Derma Store\" \/>\n<meta property=\"article:modified_time\" content=\"2025-04-02T23:51:17+00:00\" \/>\n<meta name=\"twitter:card\" content=\"summary_large_image\" \/>\n<meta name=\"twitter:label1\" content=\"Tiempo de lectura\" \/>\n\t<meta name=\"twitter:data1\" content=\"4 minutos\" \/>\n<script type=\"application\/ld+json\" class=\"yoast-schema-graph\">{\"@context\":\"https:\/\/schema.org\",\"@graph\":[{\"@type\":\"WebPage\",\"@id\":\"https:\/\/apoderma.com\/inicio\/quienes-somos\/\",\"url\":\"https:\/\/apoderma.com\/inicio\/quienes-somos\/\",\"name\":\"Sobre APODERMA - Apo Derma Store\",\"isPartOf\":{\"@id\":\"https:\/\/apoderma.com\/inicio\/#website\"},\"datePublished\":\"2018-01-30T02:48:51+00:00\",\"dateModified\":\"2025-04-02T23:51:17+00:00\",\"description\":\"Somos una empresa costarricense especializada en el cuidado de la piel mediante una oferta de productos y servicios en dermocosm\u00e9tica.\",\"breadcrumb\":{\"@id\":\"https:\/\/apoderma.com\/inicio\/quienes-somos\/#breadcrumb\"},\"inLanguage\":\"es\",\"potentialAction\":[{\"@type\":\"ReadAction\",\"target\":[\"https:\/\/apoderma.com\/inicio\/quienes-somos\/\"]}]},{\"@type\":\"BreadcrumbList\",\"@id\":\"https:\/\/apoderma.com\/inicio\/quienes-somos\/#breadcrumb\",\"itemListElement\":[{\"@type\":\"ListItem\",\"position\":1,\"name\":\"Portada\",\"item\":\"https:\/\/apoderma.com\/inicio\/\"},{\"@type\":\"ListItem\",\"position\":2,\"name\":\"Sobre APODERMA\"}]},{\"@type\":\"WebSite\",\"@id\":\"https:\/\/apoderma.com\/inicio\/#website\",\"url\":\"https:\/\/apoderma.com\/inicio\/\",\"name\":\"Apo Derma Store\",\"description\":\"Venta de productos cosm\u00e9ticos\",\"potentialAction\":[{\"@type\":\"SearchAction\",\"target\":{\"@type\":\"EntryPoint\",\"urlTemplate\":\"https:\/\/apoderma.com\/inicio\/?s={search_term_string}\"},\"query-input\":{\"@type\":\"PropertyValueSpecification\",\"valueRequired\":true,\"valueName\":\"search_term_string\"}}],\"inLanguage\":\"es\"}]}<\/script>\n<!-- \/ Yoast SEO plugin. -->","yoast_head_json":{"title":"Sobre APODERMA - Apo Derma Store","description":"Somos una empresa costarricense especializada en el cuidado de la piel mediante una oferta de productos y servicios en dermocosm\u00e9tica.","robots":{"index":"index","follow":"follow","max-snippet":"max-snippet:-1","max-image-preview":"max-image-preview:large","max-video-preview":"max-video-preview:-1"},"canonical":"https:\/\/apoderma.com\/inicio\/quienes-somos\/","og_locale":"es_ES","og_type":"article","og_title":"Sobre APODERMA - Apo Derma Store","og_description":"Somos una empresa costarricense especializada en el cuidado de la piel mediante una oferta de productos y servicios en dermocosm\u00e9tica.","og_url":"https:\/\/apoderma.com\/inicio\/quienes-somos\/","og_site_name":"Apo Derma Store","article_modified_time":"2025-04-02T23:51:17+00:00","twitter_card":"summary_large_image","twitter_misc":{"Tiempo de lectura":"4 minutos"},"schema":{"@context":"https:\/\/schema.org","@graph":[{"@type":"WebPage","@id":"https:\/\/apoderma.com\/inicio\/quienes-somos\/","url":"https:\/\/apoderma.com\/inicio\/quienes-somos\/","name":"Sobre APODERMA - Apo Derma Store","isPartOf":{"@id":"https:\/\/apoderma.com\/inicio\/#website"},"datePublished":"2018-01-30T02:48:51+00:00","dateModified":"2025-04-02T23:51:17+00:00","description":"Somos una empresa costarricense especializada en el cuidado de la piel mediante una oferta de productos y servicios en dermocosm\u00e9tica.","breadcrumb":{"@id":"https:\/\/apoderma.com\/inicio\/quienes-somos\/#breadcrumb"},"inLanguage":"es","potentialAction":[{"@type":"ReadAction","target":["https:\/\/apoderma.com\/inicio\/quienes-somos\/"]}]},{"@type":"BreadcrumbList","@id":"https:\/\/apoderma.com\/inicio\/quienes-somos\/#breadcrumb","itemListElement":[{"@type":"ListItem","position":1,"name":"Portada","item":"https:\/\/apoderma.com\/inicio\/"},{"@type":"ListItem","position":2,"name":"Sobre APODERMA"}]},{"@type":"WebSite","@id":"https:\/\/apoderma.com\/inicio\/#website","url":"https:\/\/apoderma.com\/inicio\/","name":"Apo Derma Store","description":"Venta de productos cosm\u00e9ticos","potentialAction":[{"@type":"SearchAction","target":{"@type":"EntryPoint","urlTemplate":"https:\/\/apoderma.com\/inicio\/?s={search_term_string}"},"query-input":{"@type":"PropertyValueSpecification","valueRequired":true,"valueName":"search_term_string"}}],"inLanguage":"es"}]}},"_links":{"self":[{"href":"https:\/\/apoderma.com\/inicio\/wp-json\/wp\/v2\/pages\/4242","targetHints":{"allow":["GET"]}}],"collection":[{"href":"https:\/\/apoderma.com\/inicio\/wp-json\/wp\/v2\/pages"}],"about":[{"href":"https:\/\/apoderma.com\/inicio\/wp-json\/wp\/v2\/types\/page"}],"author":[{"embeddable":true,"href":"https:\/\/apoderma.com\/inicio\/wp-json\/wp\/v2\/users\/1"}],"replies":[{"embeddable":true,"href":"https:\/\/apoderma.com\/inicio\/wp-json\/wp\/v2\/comments?post=4242"}],"version-history":[{"count":11,"href":"https:\/\/apoderma.com\/inicio\/wp-json\/wp\/v2\/pages\/4242\/revisions"}],"predecessor-version":[{"id":39765,"href":"https:\/\/apoderma.com\/inicio\/wp-json\/wp\/v2\/pages\/4242\/revisions\/39765"}],"wp:attachment":[{"href":"https:\/\/apoderma.com\/inicio\/wp-json\/wp\/v2\/media?parent=4242"}],"curies":[{"name":"wp","href":"https:\/\/api.w.org\/{rel}","templated":true}]}}